{"id":5352,"date":"2023-05-25T10:13:49","date_gmt":"2023-05-25T08:13:49","guid":{"rendered":"https:\/\/cpcms.fr\/2022\/?page_id=5352"},"modified":"2023-05-26T14:53:36","modified_gmt":"2023-05-26T12:53:36","slug":"demande-agrement-maitre-de-stage","status":"publish","type":"page","link":"https:\/\/cpcms.fr\/2022\/demande-agrement-maitre-de-stage\/","title":{"rendered":"Demande d&rsquo;agr\u00e9ment"},"content":{"rendered":"\t\t<div data-elementor-type=\"wp-page\" data-elementor-id=\"5352\" class=\"elementor elementor-5352\" data-elementor-post-type=\"page\">\n\t\t\t\t\t\t<section class=\"elementor-section elementor-top-section elementor-element elementor-element-529aedc elementor-section-boxed elementor-section-height-default elementor-section-height-default\" data-id=\"529aedc\" data-element_type=\"section\" data-settings=\"{&quot;background_background&quot;:&quot;classic&quot;}\">\n\t\t\t\t\t\t<div class=\"elementor-container elementor-column-gap-default\">\n\t\t\t\t\t<div class=\"elementor-column elementor-col-100 elementor-top-column elementor-element elementor-element-329d4f8\" data-id=\"329d4f8\" data-element_type=\"column\">\n\t\t\t<div class=\"elementor-widget-wrap elementor-element-populated\">\n\t\t\t\t\t\t<div class=\"elementor-element elementor-element-c4aacd6 elementor-widget elementor-widget-heading\" data-id=\"c4aacd6\" data-element_type=\"widget\" data-widget_type=\"heading.default\">\n\t\t\t\t<div class=\"elementor-widget-container\">\n\t\t\t\t\t<h2 class=\"elementor-heading-title elementor-size-default\">DEmande d'agr\u00e9ment<\/h2>\t\t\t\t<\/div>\n\t\t\t\t<\/div>\n\t\t\t\t\t<\/div>\n\t\t<\/div>\n\t\t\t\t\t<\/div>\n\t\t<\/section>\n\t\t\t\t<section class=\"elementor-section elementor-top-section elementor-element elementor-element-72e2612 elementor-section-boxed elementor-section-height-default elementor-section-height-default\" data-id=\"72e2612\" data-element_type=\"section\">\n\t\t\t\t\t\t<div class=\"elementor-container elementor-column-gap-default\">\n\t\t\t\t\t<div class=\"elementor-column elementor-col-100 elementor-top-column elementor-element elementor-element-466ce45\" data-id=\"466ce45\" data-element_type=\"column\">\n\t\t\t<div class=\"elementor-widget-wrap elementor-element-populated\">\n\t\t\t\t\t\t<div class=\"elementor-element elementor-element-57bbf09 elementor-widget elementor-widget-text-editor\" data-id=\"57bbf09\" data-element_type=\"widget\" data-widget_type=\"text-editor.default\">\n\t\t\t\t<div class=\"elementor-widget-container\">\n\t\t\t\t\t\t\t\t\t<h5 style=\"color: #333333;\"><span style=\"color: #008000;\">Documents \u00e9labor\u00e9s par le Coll\u00e8ge<\/span><\/h5><ul><li><a href=\"https:\/\/cpcms.fr\/2022\/wp-content\/uploads\/2023\/05\/PROJET-QUESTIONNAIRE-AGREMENT-24032022.pdf\" target=\"_blank\" rel=\"noopener\" style=\"transition-property: all;\">Dossier de demande d&rsquo;agr\u00e9ment de pharmacien ma\u00eetre de stage (mars 2022)<\/a><\/li><li><a href=\"https:\/\/cpcms.fr\/2022\/wp-content\/uploads\/2023\/05\/PROJET-DOSSIER-DE-VISITE-DE-L-OFFICINE-24032022.pdf\" target=\"_blank\" rel=\"noopener\" style=\"transition-property: all;\">Proposition de dossier de visite \u00e0 l&rsquo;officine \u00e0 destination des UFR de pharmacie (mars 2022)<\/a><\/li><li><a href=\"https:\/\/cpcms.fr\/2022\/wp-content\/uploads\/2023\/05\/PROJET-CHARTE-DENGAGEMENT-DU-PHARMAC-IEN-MAITRE-DE-STAGE-1er-MARS-2021.pdf\" target=\"_blank\" rel=\"noopener\" style=\"transition-property: all;\">Charte d&rsquo;engagement du pharmacien d&rsquo;officine agr\u00e9\u00e9 ma\u00eetre de stage (mars 2021)<\/a><\/li><li><a href=\"https:\/\/cpcms.fr\/2022\/wp-content\/uploads\/2023\/05\/CRITERES-ORDINAUX-24032022.pdf\" target=\"_blank\" rel=\"noopener\" style=\"transition-property: all;\">Proposition de document de synth\u00e8se de l&rsquo;avis du conseil de l&rsquo;Ordre des Pharmaciens sur la demande d&rsquo;agr\u00e9ment (mars 2022)<\/a><\/li><\/ul>\t\t\t\t\t\t\t\t<\/div>\n\t\t\t\t<\/div>\n\t\t\t\t\t<\/div>\n\t\t<\/div>\n\t\t\t\t\t<\/div>\n\t\t<\/section>\n\t\t\t\t<section class=\"elementor-section elementor-top-section elementor-element elementor-element-82c8237 elementor-section-boxed elementor-section-height-default elementor-section-height-default\" data-id=\"82c8237\" data-element_type=\"section\">\n\t\t\t\t\t\t<div class=\"elementor-container elementor-column-gap-default\">\n\t\t\t\t\t<div class=\"elementor-column elementor-col-100 elementor-top-column elementor-element elementor-element-0357e09\" data-id=\"0357e09\" data-element_type=\"column\">\n\t\t\t<div class=\"elementor-widget-wrap elementor-element-populated\">\n\t\t\t\t\t\t<div class=\"elementor-element elementor-element-a65a8ca elementor-widget elementor-widget-image\" data-id=\"a65a8ca\" data-element_type=\"widget\" data-widget_type=\"image.default\">\n\t\t\t\t<div class=\"elementor-widget-container\">\n\t\t\t\t\t\t\t\t\t\t\t\t\t\t\t<img fetchpriority=\"high\" decoding=\"async\" width=\"750\" height=\"411\" src=\"https:\/\/cpcms.fr\/2022\/wp-content\/uploads\/2023\/05\/conseillers.jpg\" class=\"attachment-large size-large wp-image-5386\" alt=\"\" srcset=\"https:\/\/cpcms.fr\/2022\/wp-content\/uploads\/2023\/05\/conseillers.jpg 900w, https:\/\/cpcms.fr\/2022\/wp-content\/uploads\/2023\/05\/conseillers-300x164.jpg 300w, https:\/\/cpcms.fr\/2022\/wp-content\/uploads\/2023\/05\/conseillers-768x421.jpg 768w, https:\/\/cpcms.fr\/2022\/wp-content\/uploads\/2023\/05\/conseillers-50x27.jpg 50w\" sizes=\"(max-width: 750px) 100vw, 750px\" \/>\t\t\t\t\t\t\t\t\t\t\t\t\t\t\t<\/div>\n\t\t\t\t<\/div>\n\t\t\t\t\t<\/div>\n\t\t<\/div>\n\t\t\t\t\t<\/div>\n\t\t<\/section>\n\t\t\t\t<\/div>\n\t\t","protected":false},"excerpt":{"rendered":"<p>DEmande d&rsquo;agr\u00e9ment Documents \u00e9labor\u00e9s par le Coll\u00e8ge Dossier de demande d&rsquo;agr\u00e9ment de pharmacien ma\u00eetre de stage (mars 2022) Proposition de dossier de visite \u00e0 l&rsquo;officine \u00e0 destination des UFR de pharmacie (mars 2022) Charte d&rsquo;engagement du pharmacien d&rsquo;officine agr\u00e9\u00e9 ma\u00eetre de stage (mars 2021) Proposition de document de synth\u00e8se de [&hellip;]<\/p>\n","protected":false},"author":1,"featured_media":0,"parent":0,"menu_order":0,"comment_status":"closed","ping_status":"closed","template":"page-templates\/template-pagebuilder-full-width.php","meta":{"_monsterinsights_skip_tracking":false,"_monsterinsights_sitenote_active":false,"_monsterinsights_sitenote_note":"","_monsterinsights_sitenote_category":0,"footnotes":""},"class_list":["post-5352","page","type-page","status-publish","hentry"],"aioseo_notices":[],"_links":{"self":[{"href":"https:\/\/cpcms.fr\/2022\/wp-json\/wp\/v2\/pages\/5352","targetHints":{"allow":["GET"]}}],"collection":[{"href":"https:\/\/cpcms.fr\/2022\/wp-json\/wp\/v2\/pages"}],"about":[{"href":"https:\/\/cpcms.fr\/2022\/wp-json\/wp\/v2\/types\/page"}],"author":[{"embeddable":true,"href":"https:\/\/cpcms.fr\/2022\/wp-json\/wp\/v2\/users\/1"}],"replies":[{"embeddable":true,"href":"https:\/\/cpcms.fr\/2022\/wp-json\/wp\/v2\/comments?post=5352"}],"version-history":[{"count":32,"href":"https:\/\/cpcms.fr\/2022\/wp-json\/wp\/v2\/pages\/5352\/revisions"}],"predecessor-version":[{"id":5403,"href":"https:\/\/cpcms.fr\/2022\/wp-json\/wp\/v2\/pages\/5352\/revisions\/5403"}],"wp:attachment":[{"href":"https:\/\/cpcms.fr\/2022\/wp-json\/wp\/v2\/media?parent=5352"}],"curies":[{"name":"wp","href":"https:\/\/api.w.org\/{rel}","templated":true}]}}