{"id":778,"date":"2023-02-14T11:42:52","date_gmt":"2023-02-14T10:42:52","guid":{"rendered":"https:\/\/cpcms.fr\/2022\/?page_id=778"},"modified":"2023-04-24T09:44:19","modified_gmt":"2023-04-24T07:44:19","slug":"le-bureau","status":"publish","type":"page","link":"https:\/\/cpcms.fr\/2022\/le-bureau\/","title":{"rendered":"Le bureau"},"content":{"rendered":"\t\t<div data-elementor-type=\"wp-page\" data-elementor-id=\"778\" class=\"elementor elementor-778\" data-elementor-post-type=\"page\">\n\t\t\t\t\t\t<section class=\"elementor-section elementor-top-section elementor-element elementor-element-b61da0f elementor-section-boxed elementor-section-height-default elementor-section-height-default\" data-id=\"b61da0f\" data-element_type=\"section\">\n\t\t\t\t\t\t<div class=\"elementor-container elementor-column-gap-default\">\n\t\t\t\t\t<div class=\"elementor-column elementor-col-100 elementor-top-column elementor-element elementor-element-61d820c\" data-id=\"61d820c\" data-element_type=\"column\">\n\t\t\t<div class=\"elementor-widget-wrap elementor-element-populated\">\n\t\t\t\t\t\t<div class=\"elementor-element elementor-element-af9006d elementor-widget elementor-widget-text-editor\" data-id=\"af9006d\" data-element_type=\"widget\" data-widget_type=\"text-editor.default\">\n\t\t\t\t<div class=\"elementor-widget-container\">\n\t\t\t\t\t\t\t\t\t<h5 style=\"text-align: center;\"><span>Bureau du Coll\u00e8ge des Pharmaciens Conseillers et Ma\u00eetres de stage (2023-2026)<\/span><\/h5>\t\t\t\t\t\t\t\t<\/div>\n\t\t\t\t<\/div>\n\t\t\t\t\t<\/div>\n\t\t<\/div>\n\t\t\t\t\t<\/div>\n\t\t<\/section>\n\t\t\t\t<section class=\"elementor-section elementor-top-section elementor-element elementor-element-abedbb4 elementor-section-boxed elementor-section-height-default elementor-section-height-default\" data-id=\"abedbb4\" data-element_type=\"section\">\n\t\t\t\t\t\t<div class=\"elementor-container elementor-column-gap-default\">\n\t\t\t\t\t<div class=\"elementor-column elementor-col-100 elementor-top-column elementor-element elementor-element-1d92c23\" data-id=\"1d92c23\" data-element_type=\"column\">\n\t\t\t<div class=\"elementor-widget-wrap\">\n\t\t\t\t\t\t\t<\/div>\n\t\t<\/div>\n\t\t\t\t\t<\/div>\n\t\t<\/section>\n\t\t\t\t<section class=\"elementor-section elementor-top-section elementor-element elementor-element-e3e30dd elementor-section-boxed elementor-section-height-default elementor-section-height-default\" data-id=\"e3e30dd\" data-element_type=\"section\">\n\t\t\t\t\t\t<div class=\"elementor-container elementor-column-gap-default\">\n\t\t\t\t\t<div class=\"elementor-column elementor-col-25 elementor-top-column elementor-element elementor-element-3812f74\" data-id=\"3812f74\" data-element_type=\"column\">\n\t\t\t<div class=\"elementor-widget-wrap elementor-element-populated\">\n\t\t\t\t\t\t<div class=\"elementor-element elementor-element-ed3d5ba elementor-widget elementor-widget-image\" data-id=\"ed3d5ba\" data-element_type=\"widget\" data-widget_type=\"image.default\">\n\t\t\t\t<div class=\"elementor-widget-container\">\n\t\t\t\t\t\t\t\t\t\t\t\t\t\t\t<img decoding=\"async\" width=\"184\" height=\"184\" src=\"https:\/\/cpcms.fr\/2022\/wp-content\/uploads\/2023\/04\/Bureau-01-2.png\" class=\"attachment-large size-large wp-image-5052\" alt=\"\" srcset=\"https:\/\/cpcms.fr\/2022\/wp-content\/uploads\/2023\/04\/Bureau-01-2.png 184w, https:\/\/cpcms.fr\/2022\/wp-content\/uploads\/2023\/04\/Bureau-01-2-150x150.png 150w, https:\/\/cpcms.fr\/2022\/wp-content\/uploads\/2023\/04\/Bureau-01-2-50x50.png 50w\" sizes=\"(max-width: 184px) 100vw, 184px\" \/>\t\t\t\t\t\t\t\t\t\t\t\t\t\t\t<\/div>\n\t\t\t\t<\/div>\n\t\t\t\t<div class=\"elementor-element elementor-element-f728201 elementor-widget elementor-widget-text-editor\" data-id=\"f728201\" data-element_type=\"widget\" data-widget_type=\"text-editor.default\">\n\t\t\t\t<div class=\"elementor-widget-container\">\n\t\t\t\t\t\t\t\t\t<p style=\"text-align: center;\">Pr\u00e9sident <br \/><strong>Xavier DESMAS<\/strong><\/p>\t\t\t\t\t\t\t\t<\/div>\n\t\t\t\t<\/div>\n\t\t\t\t\t<\/div>\n\t\t<\/div>\n\t\t\t\t<div class=\"elementor-column elementor-col-25 elementor-top-column elementor-element elementor-element-dbb7618\" data-id=\"dbb7618\" data-element_type=\"column\">\n\t\t\t<div class=\"elementor-widget-wrap elementor-element-populated\">\n\t\t\t\t\t\t<div class=\"elementor-element elementor-element-ad057d0 elementor-widget elementor-widget-image\" data-id=\"ad057d0\" data-element_type=\"widget\" data-widget_type=\"image.default\">\n\t\t\t\t<div class=\"elementor-widget-container\">\n\t\t\t\t\t\t\t\t\t\t\t\t\t\t\t<img decoding=\"async\" width=\"184\" height=\"184\" src=\"https:\/\/cpcms.fr\/2022\/wp-content\/uploads\/2023\/04\/Bureau-02-1.png\" class=\"attachment-large size-large wp-image-5056\" alt=\"\" srcset=\"https:\/\/cpcms.fr\/2022\/wp-content\/uploads\/2023\/04\/Bureau-02-1.png 184w, https:\/\/cpcms.fr\/2022\/wp-content\/uploads\/2023\/04\/Bureau-02-1-150x150.png 150w, https:\/\/cpcms.fr\/2022\/wp-content\/uploads\/2023\/04\/Bureau-02-1-50x50.png 50w\" sizes=\"(max-width: 184px) 100vw, 184px\" \/>\t\t\t\t\t\t\t\t\t\t\t\t\t\t\t<\/div>\n\t\t\t\t<\/div>\n\t\t\t\t<div class=\"elementor-element elementor-element-59a30c5 elementor-widget elementor-widget-text-editor\" data-id=\"59a30c5\" data-element_type=\"widget\" data-widget_type=\"text-editor.default\">\n\t\t\t\t<div class=\"elementor-widget-container\">\n\t\t\t\t\t\t\t\t\t<p style=\"text-align: center;\">Vice-pr\u00e9sidente<br \/><strong>Odile CHAMBIN<\/strong><\/p>\t\t\t\t\t\t\t\t<\/div>\n\t\t\t\t<\/div>\n\t\t\t\t\t<\/div>\n\t\t<\/div>\n\t\t\t\t<div class=\"elementor-column elementor-col-25 elementor-top-column elementor-element elementor-element-c1cf0d1\" data-id=\"c1cf0d1\" data-element_type=\"column\">\n\t\t\t<div class=\"elementor-widget-wrap elementor-element-populated\">\n\t\t\t\t\t\t<div class=\"elementor-element elementor-element-eeb5443 elementor-widget elementor-widget-image\" data-id=\"eeb5443\" data-element_type=\"widget\" data-widget_type=\"image.default\">\n\t\t\t\t<div class=\"elementor-widget-container\">\n\t\t\t\t\t\t\t\t\t\t\t\t\t\t\t<img decoding=\"async\" width=\"184\" height=\"184\" src=\"https:\/\/cpcms.fr\/2022\/wp-content\/uploads\/2023\/04\/Bureau-05.png\" class=\"attachment-large size-large wp-image-5062\" alt=\"\" srcset=\"https:\/\/cpcms.fr\/2022\/wp-content\/uploads\/2023\/04\/Bureau-05.png 184w, https:\/\/cpcms.fr\/2022\/wp-content\/uploads\/2023\/04\/Bureau-05-150x150.png 150w, https:\/\/cpcms.fr\/2022\/wp-content\/uploads\/2023\/04\/Bureau-05-50x50.png 50w\" sizes=\"(max-width: 184px) 100vw, 184px\" \/>\t\t\t\t\t\t\t\t\t\t\t\t\t\t\t<\/div>\n\t\t\t\t<\/div>\n\t\t\t\t<div class=\"elementor-element elementor-element-d352c48 elementor-widget elementor-widget-text-editor\" data-id=\"d352c48\" data-element_type=\"widget\" data-widget_type=\"text-editor.default\">\n\t\t\t\t<div class=\"elementor-widget-container\">\n\t\t\t\t\t\t\t\t\t<p style=\"text-align: center;\">Vice-pr\u00e9sident<br \/><strong>Fran\u00e7ois GEORGIN<\/strong><\/p>\t\t\t\t\t\t\t\t<\/div>\n\t\t\t\t<\/div>\n\t\t\t\t\t<\/div>\n\t\t<\/div>\n\t\t\t\t<div class=\"elementor-column elementor-col-25 elementor-top-column elementor-element elementor-element-93263ad\" data-id=\"93263ad\" data-element_type=\"column\">\n\t\t\t<div class=\"elementor-widget-wrap elementor-element-populated\">\n\t\t\t\t\t\t<div class=\"elementor-element elementor-element-bad5686 elementor-widget elementor-widget-image\" data-id=\"bad5686\" data-element_type=\"widget\" data-widget_type=\"image.default\">\n\t\t\t\t<div class=\"elementor-widget-container\">\n\t\t\t\t\t\t\t\t\t\t\t\t\t\t\t<img loading=\"lazy\" decoding=\"async\" width=\"184\" height=\"184\" src=\"https:\/\/cpcms.fr\/2022\/wp-content\/uploads\/2023\/04\/Bureau-04.png\" class=\"attachment-large size-large wp-image-5060\" alt=\"\" srcset=\"https:\/\/cpcms.fr\/2022\/wp-content\/uploads\/2023\/04\/Bureau-04.png 184w, https:\/\/cpcms.fr\/2022\/wp-content\/uploads\/2023\/04\/Bureau-04-150x150.png 150w, https:\/\/cpcms.fr\/2022\/wp-content\/uploads\/2023\/04\/Bureau-04-50x50.png 50w\" sizes=\"(max-width: 184px) 100vw, 184px\" \/>\t\t\t\t\t\t\t\t\t\t\t\t\t\t\t<\/div>\n\t\t\t\t<\/div>\n\t\t\t\t<div class=\"elementor-element elementor-element-46670fd elementor-widget elementor-widget-text-editor\" data-id=\"46670fd\" data-element_type=\"widget\" data-widget_type=\"text-editor.default\">\n\t\t\t\t<div class=\"elementor-widget-container\">\n\t\t\t\t\t\t\t\t\t<p style=\"text-align: center;\"><span style=\"margin: 0px; padding: 0px; border: 0px; font-variant-numeric: inherit; font-variant-east-asian: inherit; font-variant-alternates: inherit; font-stretch: inherit; line-height: inherit; font-family: 'Droid Sans', Helvetica, Arial, sans-serif; font-optical-sizing: inherit; font-kerning: inherit; font-feature-settings: inherit; font-variation-settings: inherit; vertical-align: baseline; text-align: start;\">Secr\u00e9taire<\/span><span style=\"margin: 0px; padding: 0px; border: 0px; font-variant-numeric: inherit; font-variant-east-asian: inherit; font-variant-alternates: inherit; font-stretch: inherit; line-height: inherit; font-family: 'Droid Sans', Helvetica, Arial, sans-serif; font-optical-sizing: inherit; font-kerning: inherit; font-feature-settings: inherit; font-variation-settings: inherit; vertical-align: baseline; text-align: start;\"> g\u00e9n\u00e9ral<\/span><br \/><strong>C\u00e9cile GUERARD-DETUNCQ<\/strong><\/p>\t\t\t\t\t\t\t\t<\/div>\n\t\t\t\t<\/div>\n\t\t\t\t\t<\/div>\n\t\t<\/div>\n\t\t\t\t\t<\/div>\n\t\t<\/section>\n\t\t\t\t<section class=\"elementor-section elementor-top-section elementor-element elementor-element-ac133a7 elementor-section-boxed elementor-section-height-default elementor-section-height-default\" data-id=\"ac133a7\" data-element_type=\"section\">\n\t\t\t\t\t\t<div class=\"elementor-container elementor-column-gap-default\">\n\t\t\t\t\t<div class=\"elementor-column elementor-col-25 elementor-top-column elementor-element elementor-element-060da61\" data-id=\"060da61\" data-element_type=\"column\">\n\t\t\t<div class=\"elementor-widget-wrap elementor-element-populated\">\n\t\t\t\t\t\t<div class=\"elementor-element elementor-element-63f2d12 elementor-widget elementor-widget-image\" data-id=\"63f2d12\" data-element_type=\"widget\" data-widget_type=\"image.default\">\n\t\t\t\t<div class=\"elementor-widget-container\">\n\t\t\t\t\t\t\t\t\t\t\t\t\t\t\t<img loading=\"lazy\" decoding=\"async\" width=\"184\" height=\"184\" src=\"https:\/\/cpcms.fr\/2022\/wp-content\/uploads\/2023\/04\/Bureau-03.png\" class=\"attachment-large size-large wp-image-5055\" alt=\"\" srcset=\"https:\/\/cpcms.fr\/2022\/wp-content\/uploads\/2023\/04\/Bureau-03.png 184w, https:\/\/cpcms.fr\/2022\/wp-content\/uploads\/2023\/04\/Bureau-03-150x150.png 150w, https:\/\/cpcms.fr\/2022\/wp-content\/uploads\/2023\/04\/Bureau-03-50x50.png 50w\" sizes=\"(max-width: 184px) 100vw, 184px\" \/>\t\t\t\t\t\t\t\t\t\t\t\t\t\t\t<\/div>\n\t\t\t\t<\/div>\n\t\t\t\t<div class=\"elementor-element elementor-element-cb50fc3 elementor-widget elementor-widget-text-editor\" data-id=\"cb50fc3\" data-element_type=\"widget\" data-widget_type=\"text-editor.default\">\n\t\t\t\t<div class=\"elementor-widget-container\">\n\t\t\t\t\t\t\t\t\t<p style=\"text-align: center;\">Tr\u00e9sorier<br \/><strong>Arthur Piraux<\/strong><\/p>\t\t\t\t\t\t\t\t<\/div>\n\t\t\t\t<\/div>\n\t\t\t\t\t<\/div>\n\t\t<\/div>\n\t\t\t\t<div class=\"elementor-column elementor-col-25 elementor-top-column elementor-element elementor-element-0613cf8\" data-id=\"0613cf8\" data-element_type=\"column\">\n\t\t\t<div class=\"elementor-widget-wrap elementor-element-populated\">\n\t\t\t\t\t\t<div class=\"elementor-element elementor-element-c7d08bd elementor-widget elementor-widget-image\" data-id=\"c7d08bd\" data-element_type=\"widget\" data-widget_type=\"image.default\">\n\t\t\t\t<div class=\"elementor-widget-container\">\n\t\t\t\t\t\t\t\t\t\t\t\t\t\t\t<img loading=\"lazy\" decoding=\"async\" width=\"184\" height=\"184\" src=\"https:\/\/cpcms.fr\/2022\/wp-content\/uploads\/2023\/04\/Bureau-06.png\" class=\"attachment-large size-large wp-image-5066\" alt=\"\" srcset=\"https:\/\/cpcms.fr\/2022\/wp-content\/uploads\/2023\/04\/Bureau-06.png 184w, https:\/\/cpcms.fr\/2022\/wp-content\/uploads\/2023\/04\/Bureau-06-150x150.png 150w, https:\/\/cpcms.fr\/2022\/wp-content\/uploads\/2023\/04\/Bureau-06-50x50.png 50w\" sizes=\"(max-width: 184px) 100vw, 184px\" \/>\t\t\t\t\t\t\t\t\t\t\t\t\t\t\t<\/div>\n\t\t\t\t<\/div>\n\t\t\t\t<div class=\"elementor-element elementor-element-c82881e elementor-widget elementor-widget-text-editor\" data-id=\"c82881e\" data-element_type=\"widget\" data-widget_type=\"text-editor.default\">\n\t\t\t\t<div class=\"elementor-widget-container\">\n\t\t\t\t\t\t\t\t\t<p style=\"text-align: center;\">Membre<br \/><strong>Julien GRAVOULET<\/strong><\/p>\t\t\t\t\t\t\t\t<\/div>\n\t\t\t\t<\/div>\n\t\t\t\t\t<\/div>\n\t\t<\/div>\n\t\t\t\t<div class=\"elementor-column elementor-col-25 elementor-top-column elementor-element elementor-element-d07218b\" data-id=\"d07218b\" data-element_type=\"column\">\n\t\t\t<div class=\"elementor-widget-wrap elementor-element-populated\">\n\t\t\t\t\t\t<div class=\"elementor-element elementor-element-8bb2d6f elementor-widget elementor-widget-image\" data-id=\"8bb2d6f\" data-element_type=\"widget\" data-widget_type=\"image.default\">\n\t\t\t\t<div class=\"elementor-widget-container\">\n\t\t\t\t\t\t\t\t\t\t\t\t\t\t\t<img loading=\"lazy\" decoding=\"async\" width=\"184\" height=\"184\" src=\"https:\/\/cpcms.fr\/2022\/wp-content\/uploads\/2023\/04\/Bureau-07.png\" class=\"attachment-large size-large wp-image-5068\" alt=\"\" srcset=\"https:\/\/cpcms.fr\/2022\/wp-content\/uploads\/2023\/04\/Bureau-07.png 184w, https:\/\/cpcms.fr\/2022\/wp-content\/uploads\/2023\/04\/Bureau-07-150x150.png 150w, https:\/\/cpcms.fr\/2022\/wp-content\/uploads\/2023\/04\/Bureau-07-50x50.png 50w\" sizes=\"(max-width: 184px) 100vw, 184px\" \/>\t\t\t\t\t\t\t\t\t\t\t\t\t\t\t<\/div>\n\t\t\t\t<\/div>\n\t\t\t\t<div class=\"elementor-element elementor-element-1c71f51 elementor-widget elementor-widget-text-editor\" data-id=\"1c71f51\" data-element_type=\"widget\" data-widget_type=\"text-editor.default\">\n\t\t\t\t<div class=\"elementor-widget-container\">\n\t\t\t\t\t\t\t\t\t<p style=\"text-align: center;\">Membre<br \/><strong>Dominique LE VU<\/strong><\/p>\t\t\t\t\t\t\t\t<\/div>\n\t\t\t\t<\/div>\n\t\t\t\t\t<\/div>\n\t\t<\/div>\n\t\t\t\t<div class=\"elementor-column elementor-col-25 elementor-top-column elementor-element elementor-element-1c92136\" data-id=\"1c92136\" data-element_type=\"column\">\n\t\t\t<div class=\"elementor-widget-wrap elementor-element-populated\">\n\t\t\t\t\t\t\t<\/div>\n\t\t<\/div>\n\t\t\t\t\t<\/div>\n\t\t<\/section>\n\t\t\t\t<\/div>\n\t\t","protected":false},"excerpt":{"rendered":"<p>Bureau du Coll\u00e8ge des Pharmaciens Conseillers et Ma\u00eetres de stage (2023-2026) Pr\u00e9sident Xavier DESMAS Vice-pr\u00e9sidenteOdile CHAMBIN Vice-pr\u00e9sidentFran\u00e7ois GEORGIN Secr\u00e9taire g\u00e9n\u00e9ralC\u00e9cile GUERARD-DETUNCQ Tr\u00e9sorierArthur Piraux MembreJulien GRAVOULET MembreDominique LE VU<\/p>\n","protected":false},"author":1,"featured_media":0,"parent":0,"menu_order":0,"comment_status":"closed","ping_status":"closed","template":"","meta":{"_monsterinsights_skip_tracking":false,"_monsterinsights_sitenote_active":false,"_monsterinsights_sitenote_note":"","_monsterinsights_sitenote_category":0,"footnotes":""},"class_list":["post-778","page","type-page","status-publish","hentry"],"aioseo_notices":[],"_links":{"self":[{"href":"https:\/\/cpcms.fr\/2022\/wp-json\/wp\/v2\/pages\/778","targetHints":{"allow":["GET"]}}],"collection":[{"href":"https:\/\/cpcms.fr\/2022\/wp-json\/wp\/v2\/pages"}],"about":[{"href":"https:\/\/cpcms.fr\/2022\/wp-json\/wp\/v2\/types\/page"}],"author":[{"embeddable":true,"href":"https:\/\/cpcms.fr\/2022\/wp-json\/wp\/v2\/users\/1"}],"replies":[{"embeddable":true,"href":"https:\/\/cpcms.fr\/2022\/wp-json\/wp\/v2\/comments?post=778"}],"version-history":[{"count":51,"href":"https:\/\/cpcms.fr\/2022\/wp-json\/wp\/v2\/pages\/778\/revisions"}],"predecessor-version":[{"id":5102,"href":"https:\/\/cpcms.fr\/2022\/wp-json\/wp\/v2\/pages\/778\/revisions\/5102"}],"wp:attachment":[{"href":"https:\/\/cpcms.fr\/2022\/wp-json\/wp\/v2\/media?parent=778"}],"curies":[{"name":"wp","href":"https:\/\/api.w.org\/{rel}","templated":true}]}}