{"id":780,"date":"2023-02-14T11:43:11","date_gmt":"2023-02-14T10:43:11","guid":{"rendered":"https:\/\/cpcms.fr\/2022\/?page_id=780"},"modified":"2025-07-02T15:35:09","modified_gmt":"2025-07-02T13:35:09","slug":"les-interlocuteurs","status":"publish","type":"page","link":"https:\/\/cpcms.fr\/2022\/les-interlocuteurs\/","title":{"rendered":"Les interlocuteurs"},"content":{"rendered":"\t\t<div data-elementor-type=\"wp-page\" data-elementor-id=\"780\" class=\"elementor elementor-780\" data-elementor-post-type=\"page\">\n\t\t\t\t\t\t<section class=\"elementor-section elementor-top-section elementor-element elementor-element-5cb99d9 elementor-section-boxed elementor-section-height-default elementor-section-height-default\" data-id=\"5cb99d9\" data-element_type=\"section\" data-settings=\"{&quot;background_background&quot;:&quot;classic&quot;}\">\n\t\t\t\t\t\t<div class=\"elementor-container elementor-column-gap-default\">\n\t\t\t\t\t<div class=\"elementor-column elementor-col-100 elementor-top-column elementor-element elementor-element-f02d583\" data-id=\"f02d583\" data-element_type=\"column\">\n\t\t\t<div class=\"elementor-widget-wrap elementor-element-populated\">\n\t\t\t\t\t\t<div class=\"elementor-element elementor-element-8060b94 elementor-widget elementor-widget-heading\" data-id=\"8060b94\" data-element_type=\"widget\" data-widget_type=\"heading.default\">\n\t\t\t\t<div class=\"elementor-widget-container\">\n\t\t\t\t\t<h2 class=\"elementor-heading-title elementor-size-default\">Les interlocuteurs<\/h2>\t\t\t\t<\/div>\n\t\t\t\t<\/div>\n\t\t\t\t\t<\/div>\n\t\t<\/div>\n\t\t\t\t\t<\/div>\n\t\t<\/section>\n\t\t\t\t<section class=\"elementor-section elementor-top-section elementor-element elementor-element-51aee31 elementor-section-boxed elementor-section-height-default elementor-section-height-default\" data-id=\"51aee31\" data-element_type=\"section\" data-settings=\"{&quot;background_background&quot;:&quot;classic&quot;}\">\n\t\t\t\t\t\t<div class=\"elementor-container elementor-column-gap-default\">\n\t\t\t\t\t<div class=\"elementor-column elementor-col-100 elementor-top-column elementor-element elementor-element-013d9a1\" data-id=\"013d9a1\" data-element_type=\"column\" data-settings=\"{&quot;background_background&quot;:&quot;classic&quot;}\">\n\t\t\t<div class=\"elementor-widget-wrap elementor-element-populated\">\n\t\t\t\t\t\t<div class=\"elementor-element elementor-element-c128567 elementor-widget elementor-widget-text-editor\" data-id=\"c128567\" data-element_type=\"widget\" data-widget_type=\"text-editor.default\">\n\t\t\t\t<div class=\"elementor-widget-container\">\n\t\t\t\t\t\t\t\t\t<h3>MEMBRES DE DROIT (Pr\u00e9sidents ou leurs repr\u00e9sentants \u2013 juillet 2025)<\/h3>\t\t\t\t\t\t\t\t<\/div>\n\t\t\t\t<\/div>\n\t\t\t\t\t<\/div>\n\t\t<\/div>\n\t\t\t\t\t<\/div>\n\t\t<\/section>\n\t\t\t\t<section class=\"elementor-section elementor-top-section elementor-element elementor-element-aa8c4e8 elementor-section-boxed elementor-section-height-default elementor-section-height-default\" data-id=\"aa8c4e8\" data-element_type=\"section\">\n\t\t\t\t\t\t<div class=\"elementor-container elementor-column-gap-default\">\n\t\t\t\t\t<div class=\"elementor-column elementor-col-100 elementor-top-column elementor-element elementor-element-5e81c63\" data-id=\"5e81c63\" data-element_type=\"column\">\n\t\t\t<div class=\"elementor-widget-wrap elementor-element-populated\">\n\t\t\t\t\t\t<div class=\"elementor-element elementor-element-4e7ecdf elementor-widget__width-initial elementor-widget elementor-widget-text-editor\" data-id=\"4e7ecdf\" data-element_type=\"widget\" data-widget_type=\"text-editor.default\">\n\t\t\t\t<div class=\"elementor-widget-container\">\n\t\t\t\t\t\t\t\t\t<div><p><strong>Pr\u00e9sident de la Conf\u00e9rence des Doyens de Pharmacie &#8211; <\/strong>Vincent LISOWSKI\u00a0\u00a0<br \/><em><strong>Son repr\u00e9sentant<\/strong><strong> &#8211; <\/strong><\/em>Jean-Marc CHILLON<\/p><p><strong>Pr\u00e9sident du Conseil central A de l\u2019Ordre national des pharmaciens <\/strong>&#8211; Bruno GALAN<br \/><em><strong>Son repr\u00e9sentant &#8211;<\/strong><\/em>\u00a0Xavier DESMAS<\/p><p><strong>Pr\u00e9sident du Conseil central D de l\u2019Ordre national des pharmaciens\u00a0<\/strong><span style=\"font-size: inherit;\">&#8211;\u00a0<\/span>J\u00e9r\u00f4me PARESYS BARBIER<br \/><em><strong>Sa repr\u00e9sentante &#8211; <\/strong><\/em><span style=\"font-size: inherit;\">C\u00e9cile GUERARD-DETUNCQ<\/span><\/p><p><strong>Pr\u00e9sidente du Conseil central E de l\u2019Ordre national des pharmaciens\u00a0<\/strong><span style=\"font-size: inherit;\">&#8211; Brigitte BERTHELOT-LEBLANC<br \/><\/span><em><strong>Son repr\u00e9sentant &#8211;<\/strong><\/em> Michel LEBLANC<span style=\"font-size: inherit;\"><br \/><\/span><\/p><p><strong>Pr\u00e9sident de l\u2019ANEPF\u00a0<\/strong><span style=\"font-size: inherit;\">&#8211; (en cours)<\/span><\/p><\/div><p><strong>Vice-pr\u00e9sident en charge de l&rsquo;enseignement sup\u00e9rieur (ANEPF)<\/strong> &#8211; (en cours)<\/p><p><strong>Pharmacien collaborateur<\/strong> <strong>du Conseil central A de l\u2019Ordre national des pharmaciens<span>\u00a0<\/span><\/strong><span>&#8211;\u00a0<\/span>(en cours)<\/p>\t\t\t\t\t\t\t\t<\/div>\n\t\t\t\t<\/div>\n\t\t\t\t\t<\/div>\n\t\t<\/div>\n\t\t\t\t\t<\/div>\n\t\t<\/section>\n\t\t\t\t<section class=\"elementor-section elementor-top-section elementor-element elementor-element-4092d63 elementor-section-boxed elementor-section-height-default elementor-section-height-default\" data-id=\"4092d63\" data-element_type=\"section\" data-settings=\"{&quot;background_background&quot;:&quot;classic&quot;}\">\n\t\t\t\t\t\t<div class=\"elementor-container elementor-column-gap-default\">\n\t\t\t\t\t<div class=\"elementor-column elementor-col-100 elementor-top-column elementor-element elementor-element-2ae34a3\" data-id=\"2ae34a3\" data-element_type=\"column\" data-settings=\"{&quot;background_background&quot;:&quot;classic&quot;}\">\n\t\t\t<div class=\"elementor-widget-wrap elementor-element-populated\">\n\t\t\t\t\t\t<div class=\"elementor-element elementor-element-e85b184 elementor-widget elementor-widget-text-editor\" data-id=\"e85b184\" data-element_type=\"widget\" data-widget_type=\"text-editor.default\">\n\t\t\t\t<div class=\"elementor-widget-container\">\n\t\t\t\t\t\t\t\t\t<h6>MEMBRES ASSOCIATIFS (PR\u00c9SIDENTS DES ASSOCIATIONS R\u00c9GIONALES OU LEURS REPR\u00c9SENTANTS \u2013 JUILLET 2025)<\/h6>\t\t\t\t\t\t\t\t<\/div>\n\t\t\t\t<\/div>\n\t\t\t\t\t<\/div>\n\t\t<\/div>\n\t\t\t\t\t<\/div>\n\t\t<\/section>\n\t\t\t\t<section class=\"elementor-section elementor-top-section elementor-element elementor-element-745d17a elementor-section-boxed elementor-section-height-default elementor-section-height-default\" data-id=\"745d17a\" data-element_type=\"section\">\n\t\t\t\t\t\t<div class=\"elementor-container elementor-column-gap-default\">\n\t\t\t\t\t<div class=\"elementor-column elementor-col-100 elementor-top-column elementor-element elementor-element-970766d\" data-id=\"970766d\" data-element_type=\"column\">\n\t\t\t<div class=\"elementor-widget-wrap elementor-element-populated\">\n\t\t\t\t\t\t<div class=\"elementor-element elementor-element-9736c9b elementor-widget elementor-widget-text-editor\" data-id=\"9736c9b\" data-element_type=\"widget\" data-widget_type=\"text-editor.default\">\n\t\t\t\t<div class=\"elementor-widget-container\">\n\t\t\t\t\t\t\t\t\t<div><p><strong>Auvergne Rh\u00f4ne Alpes (UFR Lyon) <\/strong>&#8211; Th\u00e9o LEFEVRE<\/p><p><strong>Auvergne Rh\u00f4ne Alpes (UFR Grenoble) <\/strong>&#8211; Julien MONDON<\/p><p><strong>Auvergne Rh\u00f4ne Alpes (UFR Clermont-Ferrand) <\/strong>&#8211; Pierre-Yves PERRIN<\/p><p><strong>Bourgogne Franche Comt\u00e9 (UFR Dijon) <\/strong>&#8211; Nadine COAT<\/p><p><strong>Bourgogne Franche Comt\u00e9 (UFR Besan\u00e7on)<\/strong> &#8211; Matthieu FOURNY<\/p><p><strong>Bretagne (UFR Rennes) <\/strong>&#8211; Fran\u00e7ois THORRE<\/p><p><strong>Centre-Val de Loire (UFR Tours)<\/strong> &#8211; Val\u00e9rie BOISSAY<\/p><p><strong>Grand Est (UFR Strasbourg) <\/strong>&#8211; David FINANTZ<\/p><p><strong>Grand Est (UFR Nancy) <\/strong>&#8211; Julien GRAVOULET<\/p><p><strong>Grand Est (UFR Reims) <\/strong>&#8211; Nicolas MATHOT<\/p><p><strong>Hauts de France (UFR Lille) <\/strong>&#8211; Pierre Manuel LATRON FREMEAU<\/p><p><strong>Hauts de France (UFR Amiens)<\/strong> &#8211; Fr\u00e9d\u00e9ric CARTON<\/p><p><strong>Ile de France (UFR Paris V et sud) <\/strong>&#8211; V\u00e9ronique DASSONNEVILLE<\/p><p><strong>Normandie (UFR Rouen)<\/strong> &#8211; Sophie ASSIRE et Lucile LOUIN<\/p><p><strong>Normandie (UFR Caen)<\/strong> &#8211; Laurent LHONNEUR<\/p><p><strong>Nouvelle Aquitaine (UFR Poitiers) <\/strong>&#8211; Amandine TESSON RICHEZ<\/p><p><strong>Nouvelle Aquitaine (UFR Limoges) <\/strong>&#8211; Cl\u00e9mentine PEROTTO et Quentin VIGNANE<\/p><p><strong>Occitanie (UFR Montpellier) <\/strong>&#8211; Fran\u00e7ois GEORGIN<\/p><p><strong>Occitanie (UFR Toulouse)<\/strong> &#8211; Bernard CHAMPANET<\/p><p><strong>PACA CORSE (UFR Marseille) <\/strong>&#8211; Christophe GUIDONI<\/p><p><strong>Pays de la Loire (UFR Nantes)<\/strong> &#8211; Franck GELLUSSEAU<\/p><p><strong>Pays de la Loire (UFR Angers) <\/strong>&#8211; Nathalie DILE<\/p><\/div>\t\t\t\t\t\t\t\t<\/div>\n\t\t\t\t<\/div>\n\t\t\t\t\t<\/div>\n\t\t<\/div>\n\t\t\t\t\t<\/div>\n\t\t<\/section>\n\t\t\t\t<section class=\"elementor-section elementor-top-section elementor-element elementor-element-820e228 elementor-section-boxed elementor-section-height-default elementor-section-height-default\" data-id=\"820e228\" data-element_type=\"section\" data-settings=\"{&quot;background_background&quot;:&quot;classic&quot;}\">\n\t\t\t\t\t\t<div class=\"elementor-container elementor-column-gap-default\">\n\t\t\t\t\t<div class=\"elementor-column elementor-col-100 elementor-top-column elementor-element elementor-element-60ffe16\" data-id=\"60ffe16\" data-element_type=\"column\" data-settings=\"{&quot;background_background&quot;:&quot;classic&quot;}\">\n\t\t\t<div class=\"elementor-widget-wrap elementor-element-populated\">\n\t\t\t\t\t\t<div class=\"elementor-element elementor-element-70a73de elementor-widget elementor-widget-text-editor\" data-id=\"70a73de\" data-element_type=\"widget\" data-widget_type=\"text-editor.default\">\n\t\t\t\t<div class=\"elementor-widget-container\">\n\t\t\t\t\t\t\t\t\t<h3>MEMBRE FONDATEUR<\/h3>\t\t\t\t\t\t\t\t<\/div>\n\t\t\t\t<\/div>\n\t\t\t\t\t<\/div>\n\t\t<\/div>\n\t\t\t\t\t<\/div>\n\t\t<\/section>\n\t\t\t\t<section class=\"elementor-section elementor-top-section elementor-element elementor-element-486ed3f elementor-section-boxed elementor-section-height-default elementor-section-height-default\" data-id=\"486ed3f\" data-element_type=\"section\">\n\t\t\t\t\t\t<div class=\"elementor-container elementor-column-gap-default\">\n\t\t\t\t\t<div class=\"elementor-column elementor-col-100 elementor-top-column elementor-element elementor-element-0c9b855\" data-id=\"0c9b855\" data-element_type=\"column\">\n\t\t\t<div class=\"elementor-widget-wrap elementor-element-populated\">\n\t\t\t\t\t\t<div class=\"elementor-element elementor-element-22bf9ab elementor-widget elementor-widget-text-editor\" data-id=\"22bf9ab\" data-element_type=\"widget\" data-widget_type=\"text-editor.default\">\n\t\t\t\t<div class=\"elementor-widget-container\">\n\t\t\t\t\t\t\t\t\t<p><strong>Anne Marie ORECCHIONI<\/strong><\/p>\t\t\t\t\t\t\t\t<\/div>\n\t\t\t\t<\/div>\n\t\t\t\t\t<\/div>\n\t\t<\/div>\n\t\t\t\t\t<\/div>\n\t\t<\/section>\n\t\t\t\t<section class=\"elementor-section elementor-top-section elementor-element elementor-element-b861408 elementor-section-boxed elementor-section-height-default elementor-section-height-default\" data-id=\"b861408\" data-element_type=\"section\" data-settings=\"{&quot;background_background&quot;:&quot;classic&quot;}\">\n\t\t\t\t\t\t<div class=\"elementor-container elementor-column-gap-default\">\n\t\t\t\t\t<div class=\"elementor-column elementor-col-100 elementor-top-column elementor-element elementor-element-77739e7\" data-id=\"77739e7\" data-element_type=\"column\" data-settings=\"{&quot;background_background&quot;:&quot;classic&quot;}\">\n\t\t\t<div class=\"elementor-widget-wrap elementor-element-populated\">\n\t\t\t\t\t\t<div class=\"elementor-element elementor-element-2b3ee0e elementor-widget elementor-widget-text-editor\" data-id=\"2b3ee0e\" data-element_type=\"widget\" data-widget_type=\"text-editor.default\">\n\t\t\t\t<div class=\"elementor-widget-container\">\n\t\t\t\t\t\t\t\t\t<h3>MEMBRES D\u2019HONNEUR<\/h3>\t\t\t\t\t\t\t\t<\/div>\n\t\t\t\t<\/div>\n\t\t\t\t\t<\/div>\n\t\t<\/div>\n\t\t\t\t\t<\/div>\n\t\t<\/section>\n\t\t\t\t<section class=\"elementor-section elementor-top-section elementor-element elementor-element-b9c21a3 elementor-section-boxed elementor-section-height-default elementor-section-height-default\" data-id=\"b9c21a3\" data-element_type=\"section\">\n\t\t\t\t\t\t<div class=\"elementor-container elementor-column-gap-default\">\n\t\t\t\t\t<div class=\"elementor-column elementor-col-100 elementor-top-column elementor-element elementor-element-a5c74df\" data-id=\"a5c74df\" data-element_type=\"column\">\n\t\t\t<div class=\"elementor-widget-wrap elementor-element-populated\">\n\t\t\t\t\t\t<div class=\"elementor-element elementor-element-fdf5dbc elementor-widget elementor-widget-text-editor\" data-id=\"fdf5dbc\" data-element_type=\"widget\" data-widget_type=\"text-editor.default\">\n\t\t\t\t<div class=\"elementor-widget-container\">\n\t\t\t\t\t\t\t\t\t<p><strong>Jean ARNOULT<\/strong>\u00a0(Pr\u00e9sident d\u2019honneur)<\/p><p><\/p>\t\t\t\t\t\t\t\t<\/div>\n\t\t\t\t<\/div>\n\t\t\t\t\t<\/div>\n\t\t<\/div>\n\t\t\t\t\t<\/div>\n\t\t<\/section>\n\t\t\t\t<\/div>\n\t\t","protected":false},"excerpt":{"rendered":"<p>Les interlocuteurs MEMBRES DE DROIT (Pr\u00e9sidents ou leurs repr\u00e9sentants \u2013 juillet 2025) Pr\u00e9sident de la Conf\u00e9rence des Doyens de Pharmacie &#8211; Vincent LISOWSKI\u00a0\u00a0Son repr\u00e9sentant &#8211; Jean-Marc CHILLON Pr\u00e9sident du Conseil central A de l\u2019Ordre national des pharmaciens &#8211; Bruno GALANSon repr\u00e9sentant &#8211;\u00a0Xavier DESMAS Pr\u00e9sident du Conseil central D de l\u2019Ordre [&hellip;]<\/p>\n","protected":false},"author":1,"featured_media":0,"parent":0,"menu_order":0,"comment_status":"closed","ping_status":"closed","template":"page-templates\/template-pagebuilder-full-width.php","meta":{"_monsterinsights_skip_tracking":false,"_monsterinsights_sitenote_active":false,"_monsterinsights_sitenote_note":"","_monsterinsights_sitenote_category":0,"footnotes":""},"class_list":["post-780","page","type-page","status-publish","hentry"],"aioseo_notices":[],"_links":{"self":[{"href":"https:\/\/cpcms.fr\/2022\/wp-json\/wp\/v2\/pages\/780","targetHints":{"allow":["GET"]}}],"collection":[{"href":"https:\/\/cpcms.fr\/2022\/wp-json\/wp\/v2\/pages"}],"about":[{"href":"https:\/\/cpcms.fr\/2022\/wp-json\/wp\/v2\/types\/page"}],"author":[{"embeddable":true,"href":"https:\/\/cpcms.fr\/2022\/wp-json\/wp\/v2\/users\/1"}],"replies":[{"embeddable":true,"href":"https:\/\/cpcms.fr\/2022\/wp-json\/wp\/v2\/comments?post=780"}],"version-history":[{"count":70,"href":"https:\/\/cpcms.fr\/2022\/wp-json\/wp\/v2\/pages\/780\/revisions"}],"predecessor-version":[{"id":7621,"href":"https:\/\/cpcms.fr\/2022\/wp-json\/wp\/v2\/pages\/780\/revisions\/7621"}],"wp:attachment":[{"href":"https:\/\/cpcms.fr\/2022\/wp-json\/wp\/v2\/media?parent=780"}],"curies":[{"name":"wp","href":"https:\/\/api.w.org\/{rel}","templated":true}]}}