{"id":794,"date":"2023-02-14T11:45:04","date_gmt":"2023-02-14T10:45:04","guid":{"rendered":"https:\/\/cpcms.fr\/2022\/?page_id=794"},"modified":"2025-09-20T16:43:48","modified_gmt":"2025-09-20T14:43:48","slug":"realiser-un-stage-convention","status":"publish","type":"page","link":"https:\/\/cpcms.fr\/2022\/realiser-un-stage-convention\/","title":{"rendered":"R\u00e9aliser un stage (convention)"},"content":{"rendered":"\t\t<div data-elementor-type=\"wp-page\" data-elementor-id=\"794\" class=\"elementor elementor-794\" data-elementor-post-type=\"page\">\n\t\t\t\t\t\t<section class=\"elementor-section elementor-top-section elementor-element elementor-element-0d28ad4 elementor-section-boxed elementor-section-height-default elementor-section-height-default\" data-id=\"0d28ad4\" data-element_type=\"section\" data-settings=\"{&quot;background_background&quot;:&quot;gradient&quot;}\">\n\t\t\t\t\t\t<div class=\"elementor-container elementor-column-gap-default\">\n\t\t\t\t\t<div class=\"elementor-column elementor-col-100 elementor-top-column elementor-element elementor-element-f62df39\" data-id=\"f62df39\" data-element_type=\"column\" data-settings=\"{&quot;background_background&quot;:&quot;gradient&quot;}\">\n\t\t\t<div class=\"elementor-widget-wrap elementor-element-populated\">\n\t\t\t\t\t\t<div class=\"elementor-element elementor-element-521142f elementor-widget elementor-widget-text-editor\" data-id=\"521142f\" data-element_type=\"widget\" data-widget_type=\"text-editor.default\">\n\t\t\t\t<div class=\"elementor-widget-container\">\n\t\t\t\t\t\t\t\t\t<h1 style=\"text-align: center;\"><span style=\"color: #ffffff;\"><em>Convention et gratification de stage<\/em><\/span><\/h1><p style=\"text-align: center;\"><span style=\"color: #ffffff;\"><em>Le CPCMS ne donne pas d\u2019avis individuel sur la convention ou la gratification de stage \u00e9tablies entre les parties prenantes.<\/em><\/span><\/p>\t\t\t\t\t\t\t\t<\/div>\n\t\t\t\t<\/div>\n\t\t\t\t\t<\/div>\n\t\t<\/div>\n\t\t\t\t\t<\/div>\n\t\t<\/section>\n\t\t\t\t<section class=\"elementor-section elementor-top-section elementor-element elementor-element-e9be4ac elementor-section-boxed elementor-section-height-default elementor-section-height-default\" data-id=\"e9be4ac\" data-element_type=\"section\">\n\t\t\t\t\t\t<div class=\"elementor-container elementor-column-gap-default\">\n\t\t\t\t\t<div class=\"elementor-column elementor-col-100 elementor-top-column elementor-element elementor-element-12a8835\" data-id=\"12a8835\" data-element_type=\"column\" data-settings=\"{&quot;background_background&quot;:&quot;classic&quot;}\">\n\t\t\t<div class=\"elementor-widget-wrap elementor-element-populated\">\n\t\t\t\t\t\t<div class=\"elementor-element elementor-element-cce0b99 elementor-widget elementor-widget-text-editor\" data-id=\"cce0b99\" data-element_type=\"widget\" data-widget_type=\"text-editor.default\">\n\t\t\t\t<div class=\"elementor-widget-container\">\n\t\t\t\t\t\t\t\t\t<p><strong>La convention de stage<\/strong><\/p>\t\t\t\t\t\t\t\t<\/div>\n\t\t\t\t<\/div>\n\t\t\t\t\t<\/div>\n\t\t<\/div>\n\t\t\t\t\t<\/div>\n\t\t<\/section>\n\t\t\t\t<section class=\"elementor-section elementor-top-section elementor-element elementor-element-f122cf6 elementor-section-boxed elementor-section-height-default elementor-section-height-default\" data-id=\"f122cf6\" data-element_type=\"section\">\n\t\t\t\t\t\t<div class=\"elementor-container elementor-column-gap-default\">\n\t\t\t\t\t<div class=\"elementor-column elementor-col-100 elementor-top-column elementor-element elementor-element-3747ca5\" data-id=\"3747ca5\" data-element_type=\"column\">\n\t\t\t<div class=\"elementor-widget-wrap elementor-element-populated\">\n\t\t\t\t\t\t<div class=\"elementor-element elementor-element-132c2ca elementor-widget elementor-widget-text-editor\" data-id=\"132c2ca\" data-element_type=\"widget\" data-widget_type=\"text-editor.default\">\n\t\t\t\t<div class=\"elementor-widget-container\">\n\t\t\t\t\t\t\t\t\t<p><\/p>\n<p>Tout stage en officine fait l\u2019objet d\u2019une convention \u00e9tablie entre l\u2019\u00e9tudiant, l\u2019officine et l\u2019UFR de pharmacie.<\/p>\n<p>Chaque UFR de pharmacie \u00e0 sa propre convention de stage. Les pharmaciens ma\u00eetres de stage et les \u00e9tudiants sont donc invit\u00e9s \u00e0 se rapprocher du responsable des stages de leur Facult\u00e9 pour en conna\u00eetre le contenu <strong>(le CPCMS ne propose plus de convention type)<\/strong>.<\/p>\n<p>A titre informatif, le minist\u00e8re de l\u2019Enseignement sup\u00e9rieur propose un <strong><a href=\"https:\/\/www.enseignementsup-recherche.gouv.fr\/fr\/guide-des-stages-etudiants-informations-pratiques-46518\" target=\"_blank\" rel=\"noopener\">mod\u00e8le de convention de stage et sa notice<\/a><\/strong>.<\/p>\n<p>NB : En principe, les \u00e9tudiants sont tenus de r\u00e9aliser leur stage dans une officine agr\u00e9\u00e9e qui d\u00e9pend du territoire de la Facult\u00e9 de pharmacie. Les \u00e9tudiants qui souhaitent faire un stage dans une officine, <b>en dehors du p\u00e9rim\u00e8tre de la facult\u00e9 d&rsquo;origine de l&rsquo;\u00e9tudiant<\/b>, doivent obtenir <b>l&rsquo;accord de leur facult\u00e9<\/b> pour permettre cette d\u00e9rogation.&nbsp;<\/p>\t\t\t\t\t\t\t\t<\/div>\n\t\t\t\t<\/div>\n\t\t\t\t\t<\/div>\n\t\t<\/div>\n\t\t\t\t\t<\/div>\n\t\t<\/section>\n\t\t\t\t<section class=\"elementor-section elementor-top-section elementor-element elementor-element-bf39c4d elementor-section-boxed elementor-section-height-default elementor-section-height-default\" data-id=\"bf39c4d\" data-element_type=\"section\">\n\t\t\t\t\t\t<div class=\"elementor-container elementor-column-gap-default\">\n\t\t\t\t\t<div class=\"elementor-column elementor-col-100 elementor-top-column elementor-element elementor-element-22cdfa8\" data-id=\"22cdfa8\" data-element_type=\"column\">\n\t\t\t<div class=\"elementor-widget-wrap elementor-element-populated\">\n\t\t\t\t\t\t<div class=\"elementor-element elementor-element-91710ba elementor-widget elementor-widget-image\" data-id=\"91710ba\" data-element_type=\"widget\" data-widget_type=\"image.default\">\n\t\t\t\t<div class=\"elementor-widget-container\">\n\t\t\t\t\t\t\t\t\t\t\t\t\t\t\t<img fetchpriority=\"high\" decoding=\"async\" width=\"1600\" height=\"400\" src=\"https:\/\/cpcms.fr\/2022\/wp-content\/uploads\/2023\/03\/signature.jpg\" class=\"attachment-full size-full wp-image-1387\" alt=\"\" srcset=\"https:\/\/cpcms.fr\/2022\/wp-content\/uploads\/2023\/03\/signature.jpg 1600w, https:\/\/cpcms.fr\/2022\/wp-content\/uploads\/2023\/03\/signature-300x75.jpg 300w, https:\/\/cpcms.fr\/2022\/wp-content\/uploads\/2023\/03\/signature-1024x256.jpg 1024w, https:\/\/cpcms.fr\/2022\/wp-content\/uploads\/2023\/03\/signature-768x192.jpg 768w, https:\/\/cpcms.fr\/2022\/wp-content\/uploads\/2023\/03\/signature-50x13.jpg 50w, https:\/\/cpcms.fr\/2022\/wp-content\/uploads\/2023\/03\/signature-1536x384.jpg 1536w\" sizes=\"(max-width: 1600px) 100vw, 1600px\" \/>\t\t\t\t\t\t\t\t\t\t\t\t\t\t\t<\/div>\n\t\t\t\t<\/div>\n\t\t\t\t\t<\/div>\n\t\t<\/div>\n\t\t\t\t\t<\/div>\n\t\t<\/section>\n\t\t\t\t<section class=\"elementor-section elementor-top-section elementor-element elementor-element-26c6968 elementor-section-boxed elementor-section-height-default elementor-section-height-default\" data-id=\"26c6968\" data-element_type=\"section\">\n\t\t\t\t\t\t<div class=\"elementor-container elementor-column-gap-default\">\n\t\t\t\t\t<div class=\"elementor-column elementor-col-100 elementor-top-column elementor-element elementor-element-d130090\" data-id=\"d130090\" data-element_type=\"column\" data-settings=\"{&quot;background_background&quot;:&quot;classic&quot;}\">\n\t\t\t<div class=\"elementor-widget-wrap elementor-element-populated\">\n\t\t\t\t\t\t<div class=\"elementor-element elementor-element-daf7c35 elementor-widget elementor-widget-text-editor\" data-id=\"daf7c35\" data-element_type=\"widget\" data-widget_type=\"text-editor.default\">\n\t\t\t\t<div class=\"elementor-widget-container\">\n\t\t\t\t\t\t\t\t\t<p><strong>La gratification de stage<\/strong><\/p>\t\t\t\t\t\t\t\t<\/div>\n\t\t\t\t<\/div>\n\t\t\t\t\t<\/div>\n\t\t<\/div>\n\t\t\t\t\t<\/div>\n\t\t<\/section>\n\t\t\t\t<section class=\"elementor-section elementor-top-section elementor-element elementor-element-5b4c614 elementor-section-boxed elementor-section-height-default elementor-section-height-default\" data-id=\"5b4c614\" data-element_type=\"section\">\n\t\t\t\t\t\t<div class=\"elementor-container elementor-column-gap-default\">\n\t\t\t\t\t<div class=\"elementor-column elementor-col-100 elementor-top-column elementor-element elementor-element-223afae\" data-id=\"223afae\" data-element_type=\"column\">\n\t\t\t<div class=\"elementor-widget-wrap elementor-element-populated\">\n\t\t\t\t\t\t<div class=\"elementor-element elementor-element-bfbc522 elementor-widget elementor-widget-text-editor\" data-id=\"bfbc522\" data-element_type=\"widget\" data-widget_type=\"text-editor.default\">\n\t\t\t\t<div class=\"elementor-widget-container\">\n\t\t\t\t\t\t\t\t\t<p>Les r\u00e8gles de gratification des stages effectu\u00e9s en officine sont d\u00e9finies par le <a href=\"https:\/\/www.legifrance.gouv.fr\/codes\/article_lc\/LEGIARTI000029234400\" target=\"_blank\" rel=\"noopener\">code de l\u2019\u00e9ducation<\/a>. Lorsque la dur\u00e9e du stage est <strong>sup\u00e9rieure \u00e0 deux mois cons\u00e9cutifs ou, au cours d\u2019une m\u00eame ann\u00e9e universitaire, \u00e0 deux mois cons\u00e9cutifs ou non<\/strong>, le ou les stages font l\u2019objet d\u2019une gratification vers\u00e9e mensuellement <strong>dont le montant est fix\u00e9 par convention de branche ou par accord professionnel \u00e9tendu ou, \u00e0 d\u00e9faut, par d\u00e9cret, \u00e0 un niveau minimal de 15 % du plafond horaire de la s\u00e9curit\u00e9 sociale d\u00e9fini en application de <a href=\"https:\/\/www.legifrance.gouv.fr\/codes\/article_lc\/LEGIARTI000042683622\" target=\"_blank\" rel=\"noopener\">l\u2019article L. 241-3<\/a> du code de la s\u00e9curit\u00e9 sociale.<\/strong> Cette gratification n\u2019a pas le caract\u00e8re d\u2019un salaire au sens de <a href=\"https:\/\/www.legifrance.gouv.fr\/codes\/article_lc\/LEGIARTI000006902819\" target=\"_blank\" rel=\"noopener\">l\u2019article L. 3221-3<\/a> du code du travail.\u00a0<\/p><p>Pour le stage de pratique professionnelle, <a href=\"https:\/\/www.legifrance.gouv.fr\/conv_coll\/article\/KALIARTI000005829849\" target=\"_blank\" rel=\"noopener\">l\u2019accord collectif national \u00e9tendu du 17 janvier 2007 relatif \u00e0 la gratification des \u00e9tudiants stagiaires en Pharmacie d\u2019officine<\/a> fixe \u00e0 55 fois le taux horaire du salaire minimum interprofessionnel de croissance (SMIC) par mois de stage \u00e0 temps plein.\u00a0<\/p><p>Le calcul de la gratification s\u2019effectue sur la base du temps de pr\u00e9sence effectif du stagiaire. Certaines absences du stagiaire sont consid\u00e9r\u00e9es comme du temps de pr\u00e9sence effective. C\u2019est le cas de tous les jours f\u00e9ri\u00e9s ch\u00f4m\u00e9s, des six jours ouvrables de cong\u00e9s pour convenance personnelle (Accord relatif au stage de six mois de pratique professionnelle de la sixi\u00e8me ann\u00e9e des \u00e9tudes de pharmacie conclu entre la FSPF, l\u2019USPO et l\u2019ANEFF du 15 juin 2015) , et de certaines autorisations d\u2019absences express\u00e9ment pr\u00e9vues dans la convention de stage.<\/p><p>Ces informations sont normalement indiqu\u00e9es dans la convention de stage \u00e9tablie entre la facult\u00e9, le stagiaire et l\u2019officine. <strong>Pour plus de pr\u00e9cisions, nous vous invitons \u00e0 interroger votre syndicat professionnel et\/ou l\u2019expert-comptable de l\u2019officine qui sont comp\u00e9tents dans ce domaine.<\/strong><\/p><p>Pour plus d\u2019informations, vous pouvez consulter :<\/p><ul><li>le <a href=\"https:\/\/www.enseignementsup-recherche.gouv.fr\/fr\/les-stages-etudiants-telechargez-le-guide-2018-47580\" target=\"_blank\" rel=\"noopener\"><strong>Guide des stages \u00e9tudiants<\/strong><\/a> (Minist\u00e8re de l\u2019enseignement sup\u00e9rieur) qui rappelle la r\u00e9glementation applicable aux stages du point du vue de l\u2019entreprise et du stagiaire.<\/li><li>le site officiel de l\u2019administration fran\u00e7aise (service-public.fr), met \u00e0 votre disposition une fiche pratique d\u00e9di\u00e9e \u00e0 la <a href=\"https:\/\/entreprendre.service-public.fr\/vosdroits\/F32131\" target=\"_blank\" rel=\"noopener\"><strong>Gratification minimale d\u2019un stagiaire<\/strong><\/a> et un <a href=\"https:\/\/entreprendre.service-public.fr\/vosdroits\/R40280\" target=\"_blank\" rel=\"noopener\"><strong>Simulateur de calcul de la gratification minimale d\u2019un stagiaire.\u00a0<\/strong><\/a><\/li><li>le dossier d\u00e9di\u00e9 aux <a href=\"https:\/\/www.urssaf.fr\/portail\/home\/employeur\/calculer-les-cotisations\/la-base-de-calcul\/cas-particuliers--bases-forfaita\/le-stagiaire-en-milieu-professio.html\" target=\"_blank\" rel=\"noopener\"><strong>stages en milieu professionnel<\/strong><\/a> de l\u2019Urssaf.<\/li><\/ul>\t\t\t\t\t\t\t\t<\/div>\n\t\t\t\t<\/div>\n\t\t\t\t\t<\/div>\n\t\t<\/div>\n\t\t\t\t\t<\/div>\n\t\t<\/section>\n\t\t\t\t<\/div>\n\t\t","protected":false},"excerpt":{"rendered":"<p>Convention et gratification de stage Le CPCMS ne donne pas d\u2019avis individuel sur la convention ou la gratification de stage \u00e9tablies entre les parties prenantes. La convention de stage Tout stage en officine fait l\u2019objet d\u2019une convention \u00e9tablie entre l\u2019\u00e9tudiant, l\u2019officine et l\u2019UFR de pharmacie. Chaque UFR de pharmacie \u00e0 [&hellip;]<\/p>\n","protected":false},"author":1,"featured_media":0,"parent":0,"menu_order":0,"comment_status":"closed","ping_status":"closed","template":"page-templates\/template-pagebuilder-full-width.php","meta":{"_monsterinsights_skip_tracking":false,"_monsterinsights_sitenote_active":false,"_monsterinsights_sitenote_note":"","_monsterinsights_sitenote_category":0,"footnotes":""},"class_list":["post-794","page","type-page","status-publish","hentry"],"aioseo_notices":[],"_links":{"self":[{"href":"https:\/\/cpcms.fr\/2022\/wp-json\/wp\/v2\/pages\/794","targetHints":{"allow":["GET"]}}],"collection":[{"href":"https:\/\/cpcms.fr\/2022\/wp-json\/wp\/v2\/pages"}],"about":[{"href":"https:\/\/cpcms.fr\/2022\/wp-json\/wp\/v2\/types\/page"}],"author":[{"embeddable":true,"href":"https:\/\/cpcms.fr\/2022\/wp-json\/wp\/v2\/users\/1"}],"replies":[{"embeddable":true,"href":"https:\/\/cpcms.fr\/2022\/wp-json\/wp\/v2\/comments?post=794"}],"version-history":[{"count":37,"href":"https:\/\/cpcms.fr\/2022\/wp-json\/wp\/v2\/pages\/794\/revisions"}],"predecessor-version":[{"id":7727,"href":"https:\/\/cpcms.fr\/2022\/wp-json\/wp\/v2\/pages\/794\/revisions\/7727"}],"wp:attachment":[{"href":"https:\/\/cpcms.fr\/2022\/wp-json\/wp\/v2\/media?parent=794"}],"curies":[{"name":"wp","href":"https:\/\/api.w.org\/{rel}","templated":true}]}}