{"id":12,"date":"2023-03-09T11:43:54","date_gmt":"2023-03-09T10:43:54","guid":{"rendered":"https:\/\/cpcms.fr\/associations\/amiens\/?page_id=12"},"modified":"2026-02-13T10:02:40","modified_gmt":"2026-02-13T09:02:40","slug":"ressources","status":"publish","type":"page","link":"https:\/\/cpcms.fr\/associations\/amiens\/ressources\/","title":{"rendered":"Ressources"},"content":{"rendered":"\t\t<div data-elementor-type=\"wp-page\" data-elementor-id=\"12\" class=\"elementor elementor-12\">\n\t\t\t\t\t\t\t\t\t<section class=\"elementor-section elementor-top-section elementor-element elementor-element-adc7d6c elementor-section-boxed elementor-section-height-default elementor-section-height-default\" data-id=\"adc7d6c\" data-element_type=\"section\">\n\t\t\t\t\t\t<div class=\"elementor-container elementor-column-gap-default\">\n\t\t\t\t\t<div class=\"elementor-column elementor-col-100 elementor-top-column elementor-element elementor-element-9c5ecf1\" data-id=\"9c5ecf1\" data-element_type=\"column\">\n\t\t\t<div class=\"elementor-widget-wrap elementor-element-populated\">\n\t\t\t\t\t\t\t\t<div class=\"elementor-element elementor-element-f0249fa elementor-widget elementor-widget-heading\" data-id=\"f0249fa\" data-element_type=\"widget\" data-widget_type=\"heading.default\">\n\t\t\t\t<div class=\"elementor-widget-container\">\n\t\t\t<style>\/*! elementor - v3.11.5 - 14-03-2023 *\/\n.elementor-heading-title{padding:0;margin:0;line-height:1}.elementor-widget-heading .elementor-heading-title[class*=elementor-size-]>a{color:inherit;font-size:inherit;line-height:inherit}.elementor-widget-heading .elementor-heading-title.elementor-size-small{font-size:15px}.elementor-widget-heading .elementor-heading-title.elementor-size-medium{font-size:19px}.elementor-widget-heading .elementor-heading-title.elementor-size-large{font-size:29px}.elementor-widget-heading .elementor-heading-title.elementor-size-xl{font-size:39px}.elementor-widget-heading .elementor-heading-title.elementor-size-xxl{font-size:59px}<\/style><h2 class=\"elementor-heading-title elementor-size-default\">Listes des pharmaciens maitres de stages<\/h2>\t\t<\/div>\n\t\t\t\t<\/div>\n\t\t\t\t\t<\/div>\n\t\t<\/div>\n\t\t\t\t\t\t\t<\/div>\n\t\t<\/section>\n\t\t\t\t<section class=\"elementor-section elementor-top-section elementor-element elementor-element-dc39fd8 elementor-section-boxed elementor-section-height-default elementor-section-height-default\" data-id=\"dc39fd8\" data-element_type=\"section\">\n\t\t\t\t\t\t<div class=\"elementor-container elementor-column-gap-default\">\n\t\t\t\t\t<div class=\"elementor-column elementor-col-33 elementor-top-column elementor-element elementor-element-45ff4a7\" data-id=\"45ff4a7\" data-element_type=\"column\">\n\t\t\t<div class=\"elementor-widget-wrap elementor-element-populated\">\n\t\t\t\t\t\t\t\t<div class=\"elementor-element elementor-element-4c2db3b elementor-widget elementor-widget-text-editor\" data-id=\"4c2db3b\" data-element_type=\"widget\" data-widget_type=\"text-editor.default\">\n\t\t\t\t<div class=\"elementor-widget-container\">\n\t\t\t<style>\/*! elementor - v3.11.5 - 14-03-2023 *\/\n.elementor-widget-text-editor.elementor-drop-cap-view-stacked .elementor-drop-cap{background-color:#818a91;color:#fff}.elementor-widget-text-editor.elementor-drop-cap-view-framed .elementor-drop-cap{color:#818a91;border:3px solid;background-color:transparent}.elementor-widget-text-editor:not(.elementor-drop-cap-view-default) .elementor-drop-cap{margin-top:8px}.elementor-widget-text-editor:not(.elementor-drop-cap-view-default) .elementor-drop-cap-letter{width:1em;height:1em}.elementor-widget-text-editor .elementor-drop-cap{float:left;text-align:center;line-height:1;font-size:50px}.elementor-widget-text-editor .elementor-drop-cap-letter{display:inline-block}<\/style>\t\t\t\t<p>listes des pharmaciens maitre de stage: \u00a0<a href=\"https:\/\/cpcms.fr\/associations\/amiens\/wp-content\/uploads\/2025\/12\/MDS-12_2025.pdf\">MDS 12_2025<\/a><\/p>\t\t\t\t\t\t<\/div>\n\t\t\t\t<\/div>\n\t\t\t\t\t<\/div>\n\t\t<\/div>\n\t\t\t\t<div class=\"elementor-column elementor-col-33 elementor-top-column elementor-element elementor-element-84607bf\" data-id=\"84607bf\" data-element_type=\"column\">\n\t\t\t<div class=\"elementor-widget-wrap elementor-element-populated\">\n\t\t\t\t\t\t\t\t<div class=\"elementor-element elementor-element-5525bbc elementor-widget elementor-widget-text-editor\" data-id=\"5525bbc\" data-element_type=\"widget\" data-widget_type=\"text-editor.default\">\n\t\t\t\t<div class=\"elementor-widget-container\">\n\t\t\t\t\t\t\t\t\t\t\t\t\t<\/div>\n\t\t\t\t<\/div>\n\t\t\t\t\t<\/div>\n\t\t<\/div>\n\t\t\t\t<div class=\"elementor-column elementor-col-33 elementor-top-column elementor-element elementor-element-3e64b23\" data-id=\"3e64b23\" data-element_type=\"column\">\n\t\t\t<div class=\"elementor-widget-wrap elementor-element-populated\">\n\t\t\t\t\t\t\t\t<div class=\"elementor-element elementor-element-fd81673 elementor-widget elementor-widget-text-editor\" data-id=\"fd81673\" data-element_type=\"widget\" data-widget_type=\"text-editor.default\">\n\t\t\t\t<div class=\"elementor-widget-container\">\n\t\t\t\t\t\t\t\t\t\t\t\t\t<\/div>\n\t\t\t\t<\/div>\n\t\t\t\t\t<\/div>\n\t\t<\/div>\n\t\t\t\t\t\t\t<\/div>\n\t\t<\/section>\n\t\t\t\t<section class=\"elementor-section elementor-top-section elementor-element elementor-element-ba85d9e elementor-section-boxed elementor-section-height-default elementor-section-height-default\" data-id=\"ba85d9e\" data-element_type=\"section\">\n\t\t\t\t\t\t<div class=\"elementor-container elementor-column-gap-default\">\n\t\t\t\t\t<div class=\"elementor-column elementor-col-100 elementor-top-column elementor-element elementor-element-67b9b2f\" data-id=\"67b9b2f\" data-element_type=\"column\">\n\t\t\t<div class=\"elementor-widget-wrap elementor-element-populated\">\n\t\t\t\t\t\t\t\t<div class=\"elementor-element elementor-element-e6f6fed elementor-widget elementor-widget-heading\" data-id=\"e6f6fed\" data-element_type=\"widget\" data-widget_type=\"heading.default\">\n\t\t\t\t<div class=\"elementor-widget-container\">\n\t\t\t<h2 class=\"elementor-heading-title elementor-size-default\"><div class=\"main\"><article id=\"post-12\" class=\"section pagebuilder-section\"><div data-elementor-type=\"wp-page\" data-elementor-id=\"12\" class=\"elementor elementor-12 elementor-edit-area elementor-edit-mode elementor-edit-area-active\" data-elementor-title=\"Page\"><div class=\"elementor-section-wrap ui-sortable\"><section data-id=\"ba85d9e\" data-element_type=\"section\" class=\"elementor-element elementor-element-edit-mode elementor-element-ba85d9e elementor-section elementor-top-section elementor-section-boxed elementor-section-height-default\" id=\"\" data-model-cid=\"c29\"><div class=\"elementor-container elementor-column-gap-default ui-sortable\"><div data-id=\"67b9b2f\" data-element_type=\"column\" class=\"elementor-element elementor-element-edit-mode elementor-element-67b9b2f elementor-element--toggle-edit-tools elementor-column elementor-top-column ui-resizable\" id=\"\" data-col=\"100\" data-model-cid=\"c30\"><div class=\"elementor-widget-wrap elementor-element-populated ui-sortable\"><div data-id=\"9143d0b\" data-element_type=\"widget\" class=\"elementor-element elementor-element-edit-mode elementor-element-9143d0b elementor-element--toggle-edit-tools elementor-widget elementor-widget-text-editor elementor-element-editable\" data-model-cid=\"c31\" id=\"\" data-widget_type=\"text-editor.default\"><div class=\"elementor-widget-container\"><div class=\"elementor-text-editor elementor-clearfix elementor-inline-editing pen\" data-elementor-setting-key=\"editor\" data-elementor-inline-editing-toolbar=\"advanced\" contenteditable=\"true\" data-pen-placeholder=\"\u00c9crivez ici...\"><h1 style=\"text-align: center;\">Ressources p\u00e9dagogiques:<\/h1><\/div><\/div><\/div><\/div><\/div><\/div><\/section><\/div><\/div><\/article><\/div><\/h2>\t\t<\/div>\n\t\t\t\t<\/div>\n\t\t\t\t\t<\/div>\n\t\t<\/div>\n\t\t\t\t\t\t\t<\/div>\n\t\t<\/section>\n\t\t\t\t<section class=\"elementor-section elementor-top-section elementor-element elementor-element-767a827 elementor-section-boxed elementor-section-height-default elementor-section-height-default\" data-id=\"767a827\" data-element_type=\"section\">\n\t\t\t\t\t\t<div class=\"elementor-container elementor-column-gap-default\">\n\t\t\t\t\t<div class=\"elementor-column elementor-col-100 elementor-top-column elementor-element elementor-element-9917659\" data-id=\"9917659\" data-element_type=\"column\">\n\t\t\t<div class=\"elementor-widget-wrap elementor-element-populated\">\n\t\t\t\t\t\t\t\t<div class=\"elementor-element elementor-element-e2085f1 elementor-widget elementor-widget-text-editor\" data-id=\"e2085f1\" data-element_type=\"widget\" data-widget_type=\"text-editor.default\">\n\t\t\t\t<div class=\"elementor-widget-container\">\n\t\t\t\t\t\t\t<p><a href=\"https:\/\/www.u-picardie.fr\/ufr\/pharmacie\/agrement-maitres-de-stage\/\">Informations sur l&rsquo;agr\u00e9ment et les maitre de stage, sur le site UPJV.fr.<\/a><\/p>\t\t\t\t\t\t<\/div>\n\t\t\t\t<\/div>\n\t\t\t\t\t<\/div>\n\t\t<\/div>\n\t\t\t\t\t\t\t<\/div>\n\t\t<\/section>\n\t\t\t\t<section class=\"elementor-section elementor-top-section elementor-element elementor-element-faabe51 elementor-section-boxed elementor-section-height-default elementor-section-height-default\" data-id=\"faabe51\" data-element_type=\"section\">\n\t\t\t\t\t\t<div class=\"elementor-container elementor-column-gap-default\">\n\t\t\t\t\t<div class=\"elementor-column elementor-col-100 elementor-top-column elementor-element elementor-element-3ed6025\" data-id=\"3ed6025\" data-element_type=\"column\">\n\t\t\t<div class=\"elementor-widget-wrap elementor-element-populated\">\n\t\t\t\t\t\t\t\t<div class=\"elementor-element elementor-element-66b8c2b elementor-widget elementor-widget-text-editor\" data-id=\"66b8c2b\" data-element_type=\"widget\" data-widget_type=\"text-editor.default\">\n\t\t\t\t<div class=\"elementor-widget-container\">\n\t\t\t\t\t\t\t<p style=\"text-align: left;\"><a href=\"https:\/\/cpcms.fr\/associations\/amiens\/wp-content\/uploads\/2023\/06\/Acquisition-competences-stage-initiation.pdf\">Acquisition comp\u00e9tences stage initiation <\/a>14\/06\/2023<\/p>\t\t\t\t\t\t<\/div>\n\t\t\t\t<\/div>\n\t\t\t\t\t<\/div>\n\t\t<\/div>\n\t\t\t\t\t\t\t<\/div>\n\t\t<\/section>\n\t\t\t\t<section class=\"elementor-section elementor-top-section elementor-element elementor-element-44a2cd0 elementor-section-boxed elementor-section-height-default elementor-section-height-default\" data-id=\"44a2cd0\" data-element_type=\"section\">\n\t\t\t\t\t\t<div class=\"elementor-container elementor-column-gap-default\">\n\t\t\t\t\t<div class=\"elementor-column elementor-col-100 elementor-top-column elementor-element elementor-element-e8010e4\" data-id=\"e8010e4\" data-element_type=\"column\">\n\t\t\t<div class=\"elementor-widget-wrap elementor-element-populated\">\n\t\t\t\t\t\t\t\t<div class=\"elementor-element elementor-element-9b090c9 elementor-widget elementor-widget-text-editor\" data-id=\"9b090c9\" data-element_type=\"widget\" data-widget_type=\"text-editor.default\">\n\t\t\t\t<div class=\"elementor-widget-container\">\n\t\t\t\t\t\t\t<p style=\"text-align: left;\"><a href=\"https:\/\/cpcms.fr\/associations\/amiens\/wp-content\/uploads\/2023\/06\/Posologie-stage-initiation.pdf\">Posologie stage initiation\u00a0 <\/a>22\/06\/2023<\/p>\t\t\t\t\t\t<\/div>\n\t\t\t\t<\/div>\n\t\t\t\t\t<\/div>\n\t\t<\/div>\n\t\t\t\t\t\t\t<\/div>\n\t\t<\/section>\n\t\t\t\t<section class=\"elementor-section elementor-top-section elementor-element elementor-element-3fd7285 elementor-section-boxed elementor-section-height-default elementor-section-height-default\" data-id=\"3fd7285\" data-element_type=\"section\">\n\t\t\t\t\t\t<div class=\"elementor-container elementor-column-gap-default\">\n\t\t\t\t\t<div class=\"elementor-column elementor-col-100 elementor-top-column elementor-element elementor-element-5f6e64a\" data-id=\"5f6e64a\" data-element_type=\"column\">\n\t\t\t<div class=\"elementor-widget-wrap elementor-element-populated\">\n\t\t\t\t\t\t\t\t<div class=\"elementor-element elementor-element-2d2ff85 elementor-widget elementor-widget-text-editor\" data-id=\"2d2ff85\" data-element_type=\"widget\" data-widget_type=\"text-editor.default\">\n\t\t\t\t<div class=\"elementor-widget-container\">\n\t\t\t\t\t\t\t<p><a href=\"https:\/\/cpcms.fr\/associations\/amiens\/wp-content\/uploads\/2024\/02\/DOSES-6eme-annee-2024.pdf\">Doses 6\u00e8me Ann\u00e9e\u00a0 ( 2023-2024)<\/a><\/p>\t\t\t\t\t\t<\/div>\n\t\t\t\t<\/div>\n\t\t\t\t<div class=\"elementor-element elementor-element-a8f26f8 elementor-widget elementor-widget-text-editor\" data-id=\"a8f26f8\" data-element_type=\"widget\" data-widget_type=\"text-editor.default\">\n\t\t\t\t<div class=\"elementor-widget-container\">\n\t\t\t\t\t\t\t<p style=\"text-align: left;\"><a href=\"https:\/\/cpcms.fr\/associations\/amiens\/wp-content\/uploads\/2023\/07\/fiche-appreciation-par-le-MDS.pdf\">fiche d&rsquo;appr\u00e9ciation du stage par le MDS <\/a>13\/07\/2023<\/p>\t\t\t\t\t\t<\/div>\n\t\t\t\t<\/div>\n\t\t\t\t\t<\/div>\n\t\t<\/div>\n\t\t\t\t\t\t\t<\/div>\n\t\t<\/section>\n\t\t\t\t<section class=\"elementor-section elementor-top-section elementor-element elementor-element-5cf2653 elementor-section-boxed elementor-section-height-default elementor-section-height-default\" data-id=\"5cf2653\" data-element_type=\"section\">\n\t\t\t\t\t\t<div class=\"elementor-container elementor-column-gap-default\">\n\t\t\t\t\t<div class=\"elementor-column elementor-col-100 elementor-top-column elementor-element elementor-element-35302fc\" data-id=\"35302fc\" data-element_type=\"column\">\n\t\t\t<div class=\"elementor-widget-wrap elementor-element-populated\">\n\t\t\t\t\t\t\t\t<div class=\"elementor-element elementor-element-1548f12 elementor-widget elementor-widget-text-editor\" data-id=\"1548f12\" data-element_type=\"widget\" data-widget_type=\"text-editor.default\">\n\t\t\t\t<div class=\"elementor-widget-container\">\n\t\t\t\t\t\t\t<p><a href=\"https:\/\/cpcms.fr\/associations\/amiens\/wp-content\/uploads\/2024\/02\/Le-rapport-denseignements-coordonnes.pdf\"># Le rapport d\u2019enseignements coordonn\u00e9s<\/a> (01-2024)<\/p>\t\t\t\t\t\t<\/div>\n\t\t\t\t<\/div>\n\t\t\t\t\t<\/div>\n\t\t<\/div>\n\t\t\t\t\t\t\t<\/div>\n\t\t<\/section>\n\t\t\t\t<section class=\"elementor-section elementor-top-section elementor-element elementor-element-b366e6c elementor-section-boxed elementor-section-height-default elementor-section-height-default\" data-id=\"b366e6c\" data-element_type=\"section\">\n\t\t\t\t\t\t<div class=\"elementor-container elementor-column-gap-default\">\n\t\t\t\t\t<div class=\"elementor-column elementor-col-100 elementor-top-column elementor-element elementor-element-4ecc18e\" data-id=\"4ecc18e\" data-element_type=\"column\">\n\t\t\t<div class=\"elementor-widget-wrap elementor-element-populated\">\n\t\t\t\t\t\t\t\t<div class=\"elementor-element elementor-element-cb810d7 elementor-widget elementor-widget-heading\" data-id=\"cb810d7\" data-element_type=\"widget\" data-widget_type=\"heading.default\">\n\t\t\t\t<div class=\"elementor-widget-container\">\n\t\t\t<h2 class=\"elementor-heading-title elementor-size-default\">Ressources journ\u00e9e de formation des maitres de stage<\/h2>\t\t<\/div>\n\t\t\t\t<\/div>\n\t\t\t\t\t<\/div>\n\t\t<\/div>\n\t\t\t\t\t\t\t<\/div>\n\t\t<\/section>\n\t\t\t\t<section class=\"elementor-section elementor-top-section elementor-element elementor-element-2402c04 elementor-section-boxed elementor-section-height-default elementor-section-height-default\" data-id=\"2402c04\" data-element_type=\"section\">\n\t\t\t\t\t\t<div class=\"elementor-container elementor-column-gap-default\">\n\t\t\t\t\t<div class=\"elementor-column elementor-col-100 elementor-top-column elementor-element elementor-element-eb11ab5\" data-id=\"eb11ab5\" data-element_type=\"column\">\n\t\t\t<div class=\"elementor-widget-wrap elementor-element-populated\">\n\t\t\t\t\t\t\t\t<div class=\"elementor-element elementor-element-37c0649 elementor-widget elementor-widget-text-editor\" data-id=\"37c0649\" data-element_type=\"widget\" data-widget_type=\"text-editor.default\">\n\t\t\t\t<div class=\"elementor-widget-container\">\n\t\t\t\t\t\t\t<p><strong>2026 : intervention des Pr Chillon et Brochot. <a href=\"https:\/\/cpcms.fr\/associations\/amiens\/wp-content\/uploads\/2026\/02\/Presentation-JM-Chillon-et-E-Brochot.pdf\">Pr\u00e9sentation JM Chillon et E Brochot<\/a><\/strong><\/p><p><\/p><p>2025: Assistance M\u00e9dicale \u00e0 la Procr\u00e9ation<\/p><p><a href=\"https:\/\/cpcms.fr\/associations\/amiens\/wp-content\/uploads\/2025\/02\/Aspects-biologiques-de-la-prise-en-charge-en-AMP.pdf\">#Aspects biologiques de la prise en charge en AMP<\/a>\u00a0<\/p><p><a href=\"https:\/\/cpcms.fr\/associations\/amiens\/wp-content\/uploads\/2025\/02\/Generalites-en-AMP.pdf\">#G\u00e9n\u00e9ralit\u00e9s en AMP<\/a>\u00a0<\/p><p><a href=\"https:\/\/cpcms.fr\/associations\/amiens\/wp-content\/uploads\/2025\/02\/Informations-stages-cursus-officine.pdf\">#Informations stages cursus officine<\/a>\u00a0<\/p><p><a href=\"https:\/\/cpcms.fr\/associations\/amiens\/wp-content\/uploads\/2025\/02\/Modalites-pratiques-des-traitements-en-AMP.pdf\">#Modalit\u00e9s pratiques des traitements en AMP<\/a>\u00a0<a href=\"https:\/\/cpcms.fr\/associations\/amiens\/wp-content\/uploads\/2025\/02\/Statut-de-MSU-Medecine-Generale.pdf\"><\/a><\/p><p><a href=\"https:\/\/cpcms.fr\/associations\/amiens\/wp-content\/uploads\/2025\/02\/Statut-de-MSU-Medecine-Generale.pdf\">#Statut de MSU (M\u00e9decine G\u00e9n\u00e9rale)<\/a><\/p><p>2024: Troubles psychiatriques.<\/p><p># <a href=\"https:\/\/vimeo.com\/urpspharmacienshdf\">URPS pharmaciens, videos https:\/\/vimeo.com\/urpspharmacienshdf<\/a><\/p><p># <a href=\"https:\/\/cpcms.fr\/associations\/amiens\/wp-content\/uploads\/2024\/02\/ADOP.pdf\">ADOP (presentation pdf)<\/a> ,\u00a0 <a href=\"http:\/\/www.adop.help\/\">\u00c9coute des professionnels et \u00e9tudiants en pharmacie (site adop.help)<\/a><\/p><p><a href=\"https:\/\/cpcms.fr\/associations\/amiens\/wp-content\/uploads\/2024\/02\/Traitements-psychiatriques-de-la-prescription-a-la-delivrance.pdf\"># Traitements psychiatriques de la prescription \u00e0 la d\u00e9livrance<\/a>\u00a0<\/p><p><a href=\"https:\/\/cpcms.fr\/associations\/amiens\/wp-content\/uploads\/2024\/02\/VigilanS-HdF-Amiens.pdf\"># VigilanS HdF Amiens<\/a><\/p>\t\t\t\t\t\t<\/div>\n\t\t\t\t<\/div>\n\t\t\t\t\t<\/div>\n\t\t<\/div>\n\t\t\t\t\t\t\t<\/div>\n\t\t<\/section>\n\t\t\t\t<section class=\"elementor-section elementor-top-section elementor-element elementor-element-43033da elementor-section-boxed elementor-section-height-default elementor-section-height-default\" data-id=\"43033da\" data-element_type=\"section\">\n\t\t\t\t\t\t<div class=\"elementor-container elementor-column-gap-default\">\n\t\t\t\t\t<div class=\"elementor-column elementor-col-100 elementor-top-column elementor-element elementor-element-63f7f39\" data-id=\"63f7f39\" data-element_type=\"column\">\n\t\t\t<div class=\"elementor-widget-wrap elementor-element-populated\">\n\t\t\t\t\t\t\t\t<div class=\"elementor-element elementor-element-018822d elementor-widget elementor-widget-heading\" data-id=\"018822d\" data-element_type=\"widget\" data-widget_type=\"heading.default\">\n\t\t\t\t<div class=\"elementor-widget-container\">\n\t\t\t<h2 class=\"elementor-heading-title elementor-size-default\"><div class=\"main\"><article id=\"post-12\" class=\"section pagebuilder-section\"><div data-elementor-type=\"wp-page\" data-elementor-id=\"12\" class=\"elementor elementor-12 elementor-edit-area elementor-edit-mode elementor-edit-area-active\" data-elementor-title=\"Page\"><div class=\"elementor-section-wrap ui-sortable\"><section data-id=\"fabfd87\" data-element_type=\"section\" class=\"elementor-element elementor-element-edit-mode elementor-element-fabfd87 elementor-section elementor-top-section elementor-section-boxed elementor-section-height-default\" id=\"\" data-model-cid=\"c1138\"><div class=\"elementor-container elementor-column-gap-default ui-sortable\"><div data-id=\"d6381dc\" data-element_type=\"column\" class=\"elementor-element elementor-element-edit-mode elementor-element-d6381dc elementor-element--toggle-edit-tools elementor-column elementor-top-column ui-resizable\" id=\"\" data-col=\"100\" data-model-cid=\"c1628\"><div class=\"elementor-widget-wrap ui-sortable elementor-element-populated\"><div data-id=\"71bcf27\" data-element_type=\"widget\" class=\"elementor-element elementor-element-edit-mode elementor-element-71bcf27 elementor-element--toggle-edit-tools elementor-widget elementor-widget-text-editor elementor-element-editable\" data-model-cid=\"c1678\" id=\"\" data-widget_type=\"text-editor.default\"><div class=\"elementor-widget-container\"><div class=\"elementor-text-editor elementor-clearfix elementor-inline-editing pen\" data-elementor-setting-key=\"editor\" data-elementor-inline-editing-toolbar=\"advanced\" contenteditable=\"true\" data-pen-placeholder=\"\u00c9crivez ici...\"><h5><strong>Ressources documentaires hors CPCMS:<\/strong><\/h5><\/div><\/div><\/div><\/div><\/div><\/div><\/section><\/div><\/div><\/article><\/div><\/h2>\t\t<\/div>\n\t\t\t\t<\/div>\n\t\t\t\t\t<\/div>\n\t\t<\/div>\n\t\t\t\t\t\t\t<\/div>\n\t\t<\/section>\n\t\t\t\t<section class=\"elementor-section elementor-top-section elementor-element elementor-element-fabfd87 elementor-section-boxed elementor-section-height-default elementor-section-height-default\" data-id=\"fabfd87\" data-element_type=\"section\">\n\t\t\t\t\t\t<div class=\"elementor-container elementor-column-gap-default\">\n\t\t\t\t\t<div class=\"elementor-column elementor-col-100 elementor-top-column elementor-element elementor-element-d6381dc\" data-id=\"d6381dc\" data-element_type=\"column\">\n\t\t\t<div class=\"elementor-widget-wrap elementor-element-populated\">\n\t\t\t\t\t\t\t\t<div class=\"elementor-element elementor-element-71bcf27 elementor-widget elementor-widget-text-editor\" data-id=\"71bcf27\" data-element_type=\"widget\" data-widget_type=\"text-editor.default\">\n\t\t\t\t<div class=\"elementor-widget-container\">\n\t\t\t\t\t\t\t<h5><strong><a href=\"https:\/\/www.urps-pharmaciens-hdf.fr\/action\/chimiotherapies-orales\/\">https:\/\/www.urps-pharmaciens-hdf.fr\/action\/chimiotherapies-orales\/<\/a><\/strong><\/h5>\t\t\t\t\t\t<\/div>\n\t\t\t\t<\/div>\n\t\t\t\t\t<\/div>\n\t\t<\/div>\n\t\t\t\t\t\t\t<\/div>\n\t\t<\/section>\n\t\t\t\t\t\t\t<\/div>\n\t\t","protected":false},"excerpt":{"rendered":"<p>Listes des pharmaciens maitres de stages listes des pharmaciens maitre de stage: \u00a0MDS 12_2025 Ressources p\u00e9dagogiques: Informations sur l&rsquo;agr\u00e9ment et les maitre de stage, sur le site UPJV.fr. Acquisition comp\u00e9tences stage initiation 14\/06\/2023 Posologie stage initiation\u00a0 22\/06\/2023 Doses 6\u00e8me Ann\u00e9e\u00a0 ( 2023-2024) fiche d&rsquo;appr\u00e9ciation du stage par le MDS 13\/07\/2023 [&hellip;]<\/p>\n","protected":false},"author":1,"featured_media":0,"parent":0,"menu_order":0,"comment_status":"closed","ping_status":"closed","template":"page-templates\/template-pagebuilder-full-width.php","meta":{"footnotes":""},"class_list":["post-12","page","type-page","status-publish","hentry"],"_links":{"self":[{"href":"https:\/\/cpcms.fr\/associations\/amiens\/wp-json\/wp\/v2\/pages\/12","targetHints":{"allow":["GET"]}}],"collection":[{"href":"https:\/\/cpcms.fr\/associations\/amiens\/wp-json\/wp\/v2\/pages"}],"about":[{"href":"https:\/\/cpcms.fr\/associations\/amiens\/wp-json\/wp\/v2\/types\/page"}],"author":[{"embeddable":true,"href":"https:\/\/cpcms.fr\/associations\/amiens\/wp-json\/wp\/v2\/users\/1"}],"replies":[{"embeddable":true,"href":"https:\/\/cpcms.fr\/associations\/amiens\/wp-json\/wp\/v2\/comments?post=12"}],"version-history":[{"count":112,"href":"https:\/\/cpcms.fr\/associations\/amiens\/wp-json\/wp\/v2\/pages\/12\/revisions"}],"predecessor-version":[{"id":519,"href":"https:\/\/cpcms.fr\/associations\/amiens\/wp-json\/wp\/v2\/pages\/12\/revisions\/519"}],"wp:attachment":[{"href":"https:\/\/cpcms.fr\/associations\/amiens\/wp-json\/wp\/v2\/media?parent=12"}],"curies":[{"name":"wp","href":"https:\/\/api.w.org\/{rel}","templated":true}]}}