{"id":203,"date":"2023-05-10T17:45:24","date_gmt":"2023-05-10T15:45:24","guid":{"rendered":"https:\/\/cpcms.fr\/associations\/amiens\/?page_id=203"},"modified":"2026-01-27T18:41:02","modified_gmt":"2026-01-27T17:41:02","slug":"devenir","status":"publish","type":"page","link":"https:\/\/cpcms.fr\/associations\/amiens\/devenir\/","title":{"rendered":"Devenir maitre de stage"},"content":{"rendered":"\t\t<div data-elementor-type=\"wp-page\" data-elementor-id=\"203\" class=\"elementor elementor-203\">\n\t\t\t\t\t\t\t\t\t<section class=\"elementor-section elementor-top-section elementor-element elementor-element-0e02add elementor-section-boxed elementor-section-height-default elementor-section-height-default\" data-id=\"0e02add\" data-element_type=\"section\">\n\t\t\t\t\t\t<div class=\"elementor-container elementor-column-gap-default\">\n\t\t\t\t\t<div class=\"elementor-column elementor-col-100 elementor-top-column elementor-element elementor-element-56c5bb0\" data-id=\"56c5bb0\" data-element_type=\"column\" iframe=\"\">\n\t\t\t<div class=\"elementor-widget-wrap elementor-element-populated\">\n\t\t\t\t\t\t\t\t<div class=\"elementor-element elementor-element-b5ab99f elementor-widget elementor-widget-text-editor\" data-id=\"b5ab99f\" data-element_type=\"widget\" data-widget_type=\"text-editor.default\">\n\t\t\t\t<div class=\"elementor-widget-container\">\n\t\t\t<style>\/*! elementor - v3.11.5 - 14-03-2023 *\/\n.elementor-widget-text-editor.elementor-drop-cap-view-stacked .elementor-drop-cap{background-color:#818a91;color:#fff}.elementor-widget-text-editor.elementor-drop-cap-view-framed .elementor-drop-cap{color:#818a91;border:3px solid;background-color:transparent}.elementor-widget-text-editor:not(.elementor-drop-cap-view-default) .elementor-drop-cap{margin-top:8px}.elementor-widget-text-editor:not(.elementor-drop-cap-view-default) .elementor-drop-cap-letter{width:1em;height:1em}.elementor-widget-text-editor .elementor-drop-cap{float:left;text-align:center;line-height:1;font-size:50px}.elementor-widget-text-editor .elementor-drop-cap-letter{display:inline-block}<\/style>\t\t\t\t<div><a href=\"https:\/\/cpcms.fr\/associations\/amiens\/wp-content\/uploads\/2024\/03\/TABLEAU-OISE-2024-maj-08032024.pdf\">TABLEAU OISE 2024 maj 08032024<\/a><div><div><p>Pour devenir \u00ab\u00a0Ma\u00eetre de stage\u00a0\u00bb, il faut :<\/p><ul><li>5 ans d&rsquo;exercice dont 2 ans en tant que titulaire,<\/li><li>ne pas avoir \u00e9t\u00e9 condamn\u00e9 en chambre de discipline dans les 3 ans pr\u00e9c\u00e9dant la demande,<\/li><li>avoir le nombre d&rsquo;adjoints requis par rapport \u00e0 votre chiffre d&rsquo;affaires,<\/li><li>suivre chaque ann\u00e9e la formation organis\u00e9e \u00e0 l&rsquo;UFR de Pharmacie le<br \/>dernier lundi de janvier pour \u00eatre autoris\u00e9 \u00e0 accueillir en stage des<br \/>\u00e9tudiants de 3\u00e8me, 4\u00e8me et 6\u00e8me ann\u00e9e.<\/li><\/ul><p>Si vous respectez ces conditions, vous pouvez faire une demande d&rsquo;agr\u00e9ment en compl\u00e9tant la demande ci-dessous :<br \/>Demande agr\u00e9ment et en l&rsquo;envoyant par mail \u00e0 <a href=\"mailto:pharmacie.agrements@u-picardie.fr\">pharmacie.agrements@u-picardie.fr<\/a> avec les DPC titulaire et adjoint(s) ainsi que la copie du carnet de m\u00e9trologie.<\/p><div><p><span><br \/><span><br \/>Demande agr\u00e9ment<br \/><\/span><a href=\"https:\/\/cpcms.fr\/associations\/amiens\/wp-content\/uploads\/2025\/03\/demande_agrement_officine_version_mars_202114_2.pdf\">demande_agrement_officine_version_mars_202114_2<\/a> <br \/><\/span><\/p><p><span>\u00a0<\/span><\/p><p><span><a href=\"https:\/\/cpcms.fr\/associations\/amiens\/wp-content\/uploads\/2025\/03\/liste-des-mds-2025-maj-19022025.pdf\">liste des mds 2025-maj-19022025<\/a><br \/><span><\/span><\/span><\/p><\/div><p><span><br \/><span><br \/><\/span><span>\u00a0<br \/><\/span><br \/><\/span><\/p><\/div><\/div><\/div>\t\t\t\t\t\t<\/div>\n\t\t\t\t<\/div>\n\t\t\t\t\t<\/div>\n\t\t<\/div>\n\t\t\t\t\t\t\t<\/div>\n\t\t<\/section>\n\t\t\t\t<section class=\"elementor-section elementor-top-section elementor-element elementor-element-74decac elementor-section-boxed elementor-section-height-default elementor-section-height-default\" data-id=\"74decac\" data-element_type=\"section\">\n\t\t\t\t\t\t<div class=\"elementor-container elementor-column-gap-default\">\n\t\t\t\t\t<div class=\"elementor-column elementor-col-100 elementor-top-column elementor-element elementor-element-e71b43a\" data-id=\"e71b43a\" data-element_type=\"column\">\n\t\t\t<div class=\"elementor-widget-wrap\">\n\t\t\t\t\t\t\t\t\t<\/div>\n\t\t<\/div>\n\t\t\t\t\t\t\t<\/div>\n\t\t<\/section>\n\t\t\t\t<section class=\"elementor-section elementor-top-section elementor-element elementor-element-be223f8 elementor-section-height-min-height elementor-section-boxed elementor-section-height-default elementor-section-items-middle\" data-id=\"be223f8\" data-element_type=\"section\">\n\t\t\t\t\t\t<div class=\"elementor-container elementor-column-gap-default\">\n\t\t\t\t\t<div class=\"elementor-column elementor-col-100 elementor-top-column elementor-element elementor-element-f3847c6\" data-id=\"f3847c6\" data-element_type=\"column\">\n\t\t\t<div class=\"elementor-widget-wrap elementor-element-populated\">\n\t\t\t\t\t\t\t\t<div class=\"elementor-element elementor-element-15b8cb0 elementor-widget elementor-widget-text-editor\" data-id=\"15b8cb0\" data-element_type=\"widget\" data-widget_type=\"text-editor.default\">\n\t\t\t\t<div class=\"elementor-widget-container\">\n\t\t\t\t\t\t\t<iframe id=\"haWidget\" allowtransparency=\"true\" src=\"https:\/\/www.helloasso.com\/associations\/college-des-pharmaciens-conseillers-et-des-maitres-de-stage-de-picardie\/evenements\/adhesion-2025\/widget\" style=\"width: 100%; border: none;\" onload=\"window.addEventListener( 'message', e => { const dataHeight = e.data.height; const haWidgetElement = document.getElementById(&lsquo;haWidget&rsquo;); haWidgetElement.height = dataHeight + &lsquo;px&rsquo;; } )\u00a0\u00bb ><\/iframe>\t\t\t\t\t\t<\/div>\n\t\t\t\t<\/div>\n\t\t\t\t<div class=\"elementor-element elementor-element-fbbc10e elementor-widget elementor-widget-text-editor\" data-id=\"fbbc10e\" data-element_type=\"widget\" data-widget_type=\"text-editor.default\">\n\t\t\t\t<div class=\"elementor-widget-container\">\n\t\t\t\t\t\t\t<iframe style=\"width: 100%; border: none;\" id=\"haWidget\" allowtransparency=\"true\" src=\"https:\/\/www.helloasso.com\/associations\/college-des-pharmaciens-conseillers-et-des-maitres-de-stage-de-picardie\/evenements\/adhesion-2025\/widget\" onload=\"&quot;window.addEventListener(\" message=\"\" e=\"\"> { const dataHeight = e.data.height; const haWidgetElement = document.getElementById(&lsquo;haWidget&rsquo;); haWidgetElement.height = dataHeight + &lsquo;px&rsquo;; } )\u00a0\u00bb &gt;<\/iframe>\t\t\t\t\t\t<\/div>\n\t\t\t\t<\/div>\n\t\t\t\t\t<\/div>\n\t\t<\/div>\n\t\t\t\t\t\t\t<\/div>\n\t\t<\/section>\n\t\t\t\t<section class=\"elementor-section elementor-top-section elementor-element elementor-element-ee0fc3b elementor-section-boxed elementor-section-height-default elementor-section-height-default\" data-id=\"ee0fc3b\" data-element_type=\"section\">\n\t\t\t\t\t\t<div class=\"elementor-container elementor-column-gap-default\">\n\t\t\t\t\t<div class=\"elementor-column elementor-col-100 elementor-top-column elementor-element elementor-element-6ebee66\" data-id=\"6ebee66\" data-element_type=\"column\">\n\t\t\t<div class=\"elementor-widget-wrap elementor-element-populated\">\n\t\t\t\t\t\t\t\t<div class=\"elementor-element elementor-element-3a0c94a elementor-widget elementor-widget-text-editor\" data-id=\"3a0c94a\" data-element_type=\"widget\" data-widget_type=\"text-editor.default\">\n\t\t\t\t<div class=\"elementor-widget-container\">\n\t\t\t\t\t\t\t<p>L&rsquo;Ordre des Pharmaciens a publi\u00e9 une pages internet avec des outils pour faire connaitre la profession de pharmacien. Voici le lien:<\/p><h1 class=\"h1-like\"><a href=\"https:\/\/www.ordre.pharmacien.fr\/je-suis\/pharmacien\/je-suis-pharmacien-titulaire-d-officine\/mon-parcours-et-mes-demarches\/faire-connaitre-ma-profession\">Faire conna\u00eetre ma profession<\/a><\/h1>\t\t\t\t\t\t<\/div>\n\t\t\t\t<\/div>\n\t\t\t\t\t<\/div>\n\t\t<\/div>\n\t\t\t\t\t\t\t<\/div>\n\t\t<\/section>\n\t\t\t\t\t\t\t<\/div>\n\t\t","protected":false},"excerpt":{"rendered":"<p>TABLEAU OISE 2024 maj 08032024 Pour devenir \u00ab\u00a0Ma\u00eetre de stage\u00a0\u00bb, il faut : 5 ans d&rsquo;exercice dont 2 ans en tant que titulaire, ne pas avoir \u00e9t\u00e9 condamn\u00e9 en chambre de discipline dans les 3 ans pr\u00e9c\u00e9dant la demande, avoir le nombre d&rsquo;adjoints requis par rapport \u00e0 votre chiffre d&rsquo;affaires, [&hellip;]<\/p>\n","protected":false},"author":3,"featured_media":0,"parent":0,"menu_order":0,"comment_status":"closed","ping_status":"closed","template":"page-templates\/template-pagebuilder-full-width.php","meta":{"footnotes":""},"class_list":["post-203","page","type-page","status-publish","hentry"],"_links":{"self":[{"href":"https:\/\/cpcms.fr\/associations\/amiens\/wp-json\/wp\/v2\/pages\/203","targetHints":{"allow":["GET"]}}],"collection":[{"href":"https:\/\/cpcms.fr\/associations\/amiens\/wp-json\/wp\/v2\/pages"}],"about":[{"href":"https:\/\/cpcms.fr\/associations\/amiens\/wp-json\/wp\/v2\/types\/page"}],"author":[{"embeddable":true,"href":"https:\/\/cpcms.fr\/associations\/amiens\/wp-json\/wp\/v2\/users\/3"}],"replies":[{"embeddable":true,"href":"https:\/\/cpcms.fr\/associations\/amiens\/wp-json\/wp\/v2\/comments?post=203"}],"version-history":[{"count":31,"href":"https:\/\/cpcms.fr\/associations\/amiens\/wp-json\/wp\/v2\/pages\/203\/revisions"}],"predecessor-version":[{"id":514,"href":"https:\/\/cpcms.fr\/associations\/amiens\/wp-json\/wp\/v2\/pages\/203\/revisions\/514"}],"wp:attachment":[{"href":"https:\/\/cpcms.fr\/associations\/amiens\/wp-json\/wp\/v2\/media?parent=203"}],"curies":[{"name":"wp","href":"https:\/\/api.w.org\/{rel}","templated":true}]}}