{"id":191,"date":"2023-06-05T11:54:12","date_gmt":"2023-06-05T09:54:12","guid":{"rendered":"https:\/\/cpcms.fr\/associations\/besancon\/?page_id=191"},"modified":"2025-04-05T13:40:55","modified_gmt":"2025-04-05T11:40:55","slug":"elementor-191","status":"publish","type":"page","link":"https:\/\/cpcms.fr\/associations\/besancon\/elementor-191\/","title":{"rendered":"Concours"},"content":{"rendered":"\t\t<div data-elementor-type=\"wp-page\" data-elementor-id=\"191\" class=\"elementor elementor-191\" data-elementor-post-type=\"page\">\n\t\t\t\t\t\t\t\t\t<section class=\"elementor-section elementor-top-section elementor-element elementor-element-b6f31a5 elementor-section-boxed elementor-section-height-default elementor-section-height-default\" data-id=\"b6f31a5\" data-element_type=\"section\">\n\t\t\t\t\t\t<div class=\"elementor-container elementor-column-gap-default\">\n\t\t\t\t\t<div class=\"elementor-column elementor-col-100 elementor-top-column elementor-element elementor-element-e1778af\" data-id=\"e1778af\" data-element_type=\"column\">\n\t\t\t<div class=\"elementor-widget-wrap elementor-element-populated\">\n\t\t\t\t\t\t\t\t<div class=\"elementor-element elementor-element-36d02f9 elementor-widget elementor-widget-heading\" data-id=\"36d02f9\" data-element_type=\"widget\" data-widget_type=\"heading.default\">\n\t\t\t\t<div class=\"elementor-widget-container\">\n\t\t\t<style>\/*! elementor - v3.18.0 - 20-12-2023 *\/\n.elementor-heading-title{padding:0;margin:0;line-height:1}.elementor-widget-heading .elementor-heading-title[class*=elementor-size-]>a{color:inherit;font-size:inherit;line-height:inherit}.elementor-widget-heading .elementor-heading-title.elementor-size-small{font-size:15px}.elementor-widget-heading .elementor-heading-title.elementor-size-medium{font-size:19px}.elementor-widget-heading .elementor-heading-title.elementor-size-large{font-size:29px}.elementor-widget-heading .elementor-heading-title.elementor-size-xl{font-size:39px}.elementor-widget-heading .elementor-heading-title.elementor-size-xxl{font-size:59px}<\/style><h2 class=\"elementor-heading-title elementor-size-default\">CONCOURS OFFISTAGE <\/h2>\t\t<\/div>\n\t\t\t\t<\/div>\n\t\t\t\t\t<\/div>\n\t\t<\/div>\n\t\t\t\t\t\t\t<\/div>\n\t\t<\/section>\n\t\t\t\t<section class=\"elementor-section elementor-top-section elementor-element elementor-element-70b1eee elementor-section-boxed elementor-section-height-default elementor-section-height-default\" data-id=\"70b1eee\" data-element_type=\"section\">\n\t\t\t\t\t\t<div class=\"elementor-container elementor-column-gap-default\">\n\t\t\t\t\t<div class=\"elementor-column elementor-col-100 elementor-top-column elementor-element elementor-element-29e243d\" data-id=\"29e243d\" data-element_type=\"column\">\n\t\t\t<div class=\"elementor-widget-wrap elementor-element-populated\">\n\t\t\t\t\t\t\t\t<div class=\"elementor-element elementor-element-b726c79 elementor-widget elementor-widget-heading\" data-id=\"b726c79\" data-element_type=\"widget\" data-widget_type=\"heading.default\">\n\t\t\t\t<div class=\"elementor-widget-container\">\n\t\t\t<h2 class=\"elementor-heading-title elementor-size-default\">Le r\u00e9glement<\/h2>\t\t<\/div>\n\t\t\t\t<\/div>\n\t\t\t\t\t<\/div>\n\t\t<\/div>\n\t\t\t\t\t\t\t<\/div>\n\t\t<\/section>\n\t\t\t\t<section class=\"elementor-section elementor-top-section elementor-element elementor-element-589b5ff elementor-section-boxed elementor-section-height-default elementor-section-height-default\" data-id=\"589b5ff\" data-element_type=\"section\">\n\t\t\t\t\t\t<div class=\"elementor-container elementor-column-gap-default\">\n\t\t\t\t\t<div class=\"elementor-column elementor-col-100 elementor-top-column elementor-element elementor-element-ec3a2c0\" data-id=\"ec3a2c0\" data-element_type=\"column\">\n\t\t\t<div class=\"elementor-widget-wrap elementor-element-populated\">\n\t\t\t\t\t\t\t\t<div class=\"elementor-element elementor-element-8740fc4 elementor-widget elementor-widget-text-editor\" data-id=\"8740fc4\" data-element_type=\"widget\" data-widget_type=\"text-editor.default\">\n\t\t\t\t<div class=\"elementor-widget-container\">\n\t\t\t<style>\/*! elementor - v3.18.0 - 20-12-2023 *\/\n.elementor-widget-text-editor.elementor-drop-cap-view-stacked .elementor-drop-cap{background-color:#69727d;color:#fff}.elementor-widget-text-editor.elementor-drop-cap-view-framed .elementor-drop-cap{color:#69727d;border:3px solid;background-color:transparent}.elementor-widget-text-editor:not(.elementor-drop-cap-view-default) .elementor-drop-cap{margin-top:8px}.elementor-widget-text-editor:not(.elementor-drop-cap-view-default) .elementor-drop-cap-letter{width:1em;height:1em}.elementor-widget-text-editor .elementor-drop-cap{float:left;text-align:center;line-height:1;font-size:50px}.elementor-widget-text-editor .elementor-drop-cap-letter{display:inline-block}<\/style>\t\t\t\t<p><span style=\"text-decoration: underline;\"><strong>QUAND&nbsp;?<\/strong><\/span><\/p>\n<p><span style=\"font-weight: 400;\">Chaque ann\u00e9e, lors des 6 mois du stage d\u2019application de 6<\/span><span style=\"font-weight: 400;\">\u00e8me<\/span><span style=\"font-weight: 400;\"> ann\u00e9e.<\/span><\/p>\n<p><span style=\"text-decoration: underline;\"><strong>QUI&nbsp;?<\/strong><\/span><\/p>\n<p><span style=\"font-weight: 400;\">Chaque \u00e9tudiant de 6<\/span><span style=\"font-weight: 400;\">\u00e8me<\/span><span style=\"font-weight: 400;\">&nbsp;ann\u00e9e en stage d\u2019application dans une officine de Franche Comt\u00e9 peut participer au concours organis\u00e9 par l\u2019association.<\/span><\/p>\n<p><span style=\"text-decoration: underline;\"><strong>&nbsp;COMMENT&nbsp;?<\/strong><\/span><\/p>\n<p><span style=\"font-weight: 400;\">Entre janvier et mai du stage d\u2019application, pr\u00e9parer un <\/span><b>DOCUMENT SYNTH\u00c9TIQUE, ILLUSTRE<\/b><span style=\"font-weight: 400;\">, sur un th\u00e8me de son choix, en lien \u00e9troit avec la pratique officinale.<\/span><\/p>\n<p><span style=\"font-weight: 400;\">Ce document sera au format A4 devra \u00eatre UTILE \u00e0 l\u2019ensemble des membres de l\u2019\u00e9quipe officinale.<\/span><\/p>\n<p><span style=\"font-weight: 400;\">Quelques pistes&nbsp;: une fiche pratique, un arbre d\u00e9cisionnel, une proc\u00e9dure qualit\u00e9, un cas clinique\u2026<\/span><\/p>\n<p><span style=\"font-weight: 400;\">Une premi\u00e8re version<\/span><span style=\"font-weight: 400;\"> sera transmise par l\u2019\u00e9tudiant sous format pdf, par mail (<\/span><a href=\"mailto:offistage@gmail.com\"><span style=\"font-weight: 400;\">offistage@gmail.com<\/span><\/a><span style=\"font-weight: 400;\">).&nbsp; au plus tard <\/span><b>le 15 mai<\/b><span style=\"font-weight: 400;\"> de l\u2019ann\u00e9e en cours afin d\u2019\u00eatre relue par les membres du bureau d\u2019Offistage. Un accompagnement sera propos\u00e9 la semaine suivante \u00e0 l\u2019\u00e9tudiant pour corriger si n\u00e9cessaire le poster.<\/span><\/p>\n<p><span style=\"font-weight: 400;\">La version d\u00e9finitive<\/span><span style=\"font-weight: 400;\"> devra \u00eatre&nbsp; envoy\u00e9e par mail (<\/span><a href=\"mailto:offistage@gmail.com\"><span style=\"font-weight: 400;\">offistage@gmail.com<\/span><\/a><span style=\"font-weight: 400;\">) au plus tard l<\/span><b>e 31 mai<\/b><span style=\"font-weight: 400;\">.<\/span><\/p>\n<p><span style=\"font-weight: 400;\">Les membres du bureau se r\u00e9uniront et \u00e9tabliront un palmar\u00e8s des 3 meilleurs posters au plus tard <\/span><b>le 15 juin<\/b><span style=\"font-weight: 400;\">.<\/span><\/p><p><strong>LES RECOMPENSES<\/strong><span style=\"font-weight: 400;\"><br><\/span><\/p>\n<p><span style=\"font-weight: 400;\">Le poster vainqueur se verra attribuer une r\u00e9compense financi\u00e8re et sera imprim\u00e9, plastifi\u00e9 et diffus\u00e9 \u00e0 l\u2019ensemble des pharmaciens membres actifs de l\u2019association et\/ou \u00e0 toutes les pharmacies accueillant des stagiaires de 6<\/span><span style=\"font-weight: 400;\">\u00e8me<\/span><span style=\"font-weight: 400;\">&nbsp;ann\u00e9e.<\/span><\/p>\n<p><span style=\"font-weight: 400;\">Les 2 et 3<\/span><span style=\"font-weight: 400;\">\u00e8mes<\/span><span style=\"font-weight: 400;\">&nbsp;posters se verront attribuer une r\u00e9compense financi\u00e8re.<\/span><\/p>\n<p><span style=\"font-weight: 400;\">De nombreuses \u00e9quipes officinales pourront donc b\u00e9n\u00e9ficier de ce travail, qui aura une influence r\u00e9gionale.<\/span><\/p>\n<p><span style=\"font-weight: 400;\">Il est pr\u00e9cis\u00e9 que le montant des r\u00e9compenses sera d\u00e9cid\u00e9 lors de l\u2019assembl\u00e9e g\u00e9n\u00e9rale annuelle (en 2021, les r\u00e9compenses pour les premi\u00e8res places \u00e9taient respectivement de 150\u20ac, 80\u20ac et 30\u20ac).<\/span><\/p><p>Le vainqueur en juin 2023 se verra, de plus, offrir un an \u00e0 l&rsquo;application ludique de formation continue D\u00e9fim\u00e9doc.<\/p>\n<p><span style=\"text-decoration: underline;\"><strong>LES BONNES RAISONS POUR PARTICIPER<\/strong><\/span><\/p>\n<ul>\n<li style=\"font-weight: 400;\" aria-level=\"1\"><b>Pour renforcer votre comp\u00e9tence :<\/b><span style=\"font-weight: 400;\"> travailler un th\u00e8me officinal, l\u2019approfondir et le synth\u00e9tiser.<\/span><\/li>\n<li style=\"font-weight: 400;\" aria-level=\"1\"><b>Pour faire b\u00e9n\u00e9ficier l\u2019\u00e9quipe officinale de ce travail<\/b><span style=\"font-weight: 400;\"> et am\u00e9liorer ainsi la qualit\u00e9 de la prise en charge des patients.<\/span><\/li>\n<li style=\"font-weight: 400;\" aria-level=\"1\"><b>Pour obtenir 10 points bonus suppl\u00e9mentaires maxi<\/b><span style=\"font-weight: 400;\"> \u00e0 l&rsquo;examen. En effet, la pr\u00e9sentation du poster peut se faire dans le cadre gr\u00e2ce du sujet libre. (Attention : ces points bonus ne comptent que pour l\u2019obtention d\u2019une mention et ne rentrent pas en compte dans la note d\u00e9cisive)<\/span><\/li><li aria-level=\"1\"><b>Pour gagner une somme cons\u00e9quente et un abonnement \u00e0 D\u00e9fim\u00e9doc.<\/b><\/li>\n<\/ul>\n<p><span style=\"font-weight: 400;\">Contacts OFFISTAGE&nbsp;:<\/span><\/p>\n<p><span style=\"font-weight: 400;\">Responsable concours&nbsp;:&nbsp;<\/span><\/p>\n<p><span style=\"font-weight: 400;\">Benjamin PETER, <\/span><span style=\"font-weight: 400;\">pharmaciedanjoutin@gmail.com<\/span><span style=\"font-weight: 400;\"> \/ 03.84.28.24.17<\/span><\/p>\t\t\t\t\t\t<\/div>\n\t\t\t\t<\/div>\n\t\t\t\t\t<\/div>\n\t\t<\/div>\n\t\t\t\t\t\t\t<\/div>\n\t\t<\/section>\n\t\t\t\t<section class=\"elementor-section elementor-top-section elementor-element elementor-element-8149df4 elementor-section-boxed elementor-section-height-default elementor-section-height-default\" data-id=\"8149df4\" data-element_type=\"section\">\n\t\t\t\t\t\t<div class=\"elementor-container elementor-column-gap-default\">\n\t\t\t\t\t<div class=\"elementor-column elementor-col-100 elementor-top-column elementor-element elementor-element-2ffd45d\" data-id=\"2ffd45d\" data-element_type=\"column\">\n\t\t\t<div class=\"elementor-widget-wrap elementor-element-populated\">\n\t\t\t\t\t\t\t\t<div class=\"elementor-element elementor-element-c597eed elementor-widget elementor-widget-image\" data-id=\"c597eed\" data-element_type=\"widget\" data-widget_type=\"image.default\">\n\t\t\t\t<div class=\"elementor-widget-container\">\n\t\t\t<style>\/*! elementor - v3.18.0 - 20-12-2023 *\/\n.elementor-widget-image{text-align:center}.elementor-widget-image a{display:inline-block}.elementor-widget-image a img[src$=\".svg\"]{width:48px}.elementor-widget-image img{vertical-align:middle;display:inline-block}<\/style>\t\t\t\t\t\t\t\t\t\t\t\t<img fetchpriority=\"high\" decoding=\"async\" width=\"445\" height=\"635\" src=\"https:\/\/cpcms.fr\/associations\/besancon\/wp-content\/uploads\/2023\/06\/affichette_modifie-2-2.jpg\" class=\"attachment-large size-large wp-image-341\" alt=\"\" srcset=\"https:\/\/cpcms.fr\/associations\/besancon\/wp-content\/uploads\/2023\/06\/affichette_modifie-2-2.jpg 445w, https:\/\/cpcms.fr\/associations\/besancon\/wp-content\/uploads\/2023\/06\/affichette_modifie-2-2-210x300.jpg 210w\" sizes=\"(max-width: 445px) 100vw, 445px\" \/>\t\t\t\t\t\t\t\t\t\t\t\t\t\t\t<\/div>\n\t\t\t\t<\/div>\n\t\t\t\t\t<\/div>\n\t\t<\/div>\n\t\t\t\t\t\t\t<\/div>\n\t\t<\/section>\n\t\t\t\t<section class=\"elementor-section elementor-top-section elementor-element elementor-element-01f02da elementor-section-boxed elementor-section-height-default elementor-section-height-default\" data-id=\"01f02da\" data-element_type=\"section\">\n\t\t\t\t\t\t<div class=\"elementor-container elementor-column-gap-default\">\n\t\t\t\t\t<div class=\"elementor-column elementor-col-100 elementor-top-column elementor-element elementor-element-86d4def\" data-id=\"86d4def\" data-element_type=\"column\">\n\t\t\t<div class=\"elementor-widget-wrap elementor-element-populated\">\n\t\t\t\t\t\t\t\t<div class=\"elementor-element elementor-element-d016a07 elementor-widget elementor-widget-image\" data-id=\"d016a07\" data-element_type=\"widget\" data-widget_type=\"image.default\">\n\t\t\t\t<div class=\"elementor-widget-container\">\n\t\t\t\t\t\t\t\t\t\t\t\t\t\t\t<img decoding=\"async\" width=\"425\" height=\"601\" src=\"https:\/\/cpcms.fr\/associations\/besancon\/wp-content\/uploads\/2025\/04\/A.jpg\" class=\"attachment-large size-large wp-image-508\" alt=\"\" srcset=\"https:\/\/cpcms.fr\/associations\/besancon\/wp-content\/uploads\/2025\/04\/A.jpg 425w, https:\/\/cpcms.fr\/associations\/besancon\/wp-content\/uploads\/2025\/04\/A-212x300.jpg 212w\" sizes=\"(max-width: 425px) 100vw, 425px\" \/>\t\t\t\t\t\t\t\t\t\t\t\t\t\t\t<\/div>\n\t\t\t\t<\/div>\n\t\t\t\t\t<\/div>\n\t\t<\/div>\n\t\t\t\t\t\t\t<\/div>\n\t\t<\/section>\n\t\t\t\t<section class=\"elementor-section elementor-top-section elementor-element elementor-element-027c36e elementor-section-boxed elementor-section-height-default elementor-section-height-default\" data-id=\"027c36e\" data-element_type=\"section\">\n\t\t\t\t\t\t<div class=\"elementor-container elementor-column-gap-default\">\n\t\t\t\t\t<div class=\"elementor-column elementor-col-100 elementor-top-column elementor-element elementor-element-c61fc10\" data-id=\"c61fc10\" data-element_type=\"column\">\n\t\t\t<div class=\"elementor-widget-wrap elementor-element-populated\">\n\t\t\t\t\t\t\t\t<div class=\"elementor-element elementor-element-ded7077 elementor-widget elementor-widget-image\" data-id=\"ded7077\" data-element_type=\"widget\" data-widget_type=\"image.default\">\n\t\t\t\t<div class=\"elementor-widget-container\">\n\t\t\t\t\t\t\t\t\t\t\t\t\t\t\t<img decoding=\"async\" width=\"445\" height=\"635\" src=\"https:\/\/cpcms.fr\/associations\/besancon\/wp-content\/uploads\/2025\/04\/CONCOURS-2025-PSD-copie-2-2.jpg\" class=\"attachment-large size-large wp-image-509\" alt=\"\" srcset=\"https:\/\/cpcms.fr\/associations\/besancon\/wp-content\/uploads\/2025\/04\/CONCOURS-2025-PSD-copie-2-2.jpg 445w, https:\/\/cpcms.fr\/associations\/besancon\/wp-content\/uploads\/2025\/04\/CONCOURS-2025-PSD-copie-2-2-210x300.jpg 210w\" sizes=\"(max-width: 445px) 100vw, 445px\" \/>\t\t\t\t\t\t\t\t\t\t\t\t\t\t\t<\/div>\n\t\t\t\t<\/div>\n\t\t\t\t\t<\/div>\n\t\t<\/div>\n\t\t\t\t\t\t\t<\/div>\n\t\t<\/section>\n\t\t\t\t\t\t\t<\/div>\n\t\t","protected":false},"excerpt":{"rendered":"<p>CONCOURS OFFISTAGE Le r\u00e9glement QUAND&nbsp;? Chaque ann\u00e9e, lors des 6 mois du stage d\u2019application de 6\u00e8me ann\u00e9e. QUI&nbsp;? Chaque \u00e9tudiant de 6\u00e8me&nbsp;ann\u00e9e en stage d\u2019application dans une officine de Franche Comt\u00e9 peut participer au concours organis\u00e9 par l\u2019association. &nbsp;COMMENT&nbsp;? Entre janvier et mai du stage d\u2019application, pr\u00e9parer un DOCUMENT SYNTH\u00c9TIQUE, [&hellip;]<\/p>\n","protected":false},"author":2,"featured_media":0,"parent":0,"menu_order":0,"comment_status":"closed","ping_status":"closed","template":"page-templates\/template-pagebuilder-full-width.php","meta":{"footnotes":""},"class_list":["post-191","page","type-page","status-publish","hentry"],"_links":{"self":[{"href":"https:\/\/cpcms.fr\/associations\/besancon\/wp-json\/wp\/v2\/pages\/191","targetHints":{"allow":["GET"]}}],"collection":[{"href":"https:\/\/cpcms.fr\/associations\/besancon\/wp-json\/wp\/v2\/pages"}],"about":[{"href":"https:\/\/cpcms.fr\/associations\/besancon\/wp-json\/wp\/v2\/types\/page"}],"author":[{"embeddable":true,"href":"https:\/\/cpcms.fr\/associations\/besancon\/wp-json\/wp\/v2\/users\/2"}],"replies":[{"embeddable":true,"href":"https:\/\/cpcms.fr\/associations\/besancon\/wp-json\/wp\/v2\/comments?post=191"}],"version-history":[{"count":26,"href":"https:\/\/cpcms.fr\/associations\/besancon\/wp-json\/wp\/v2\/pages\/191\/revisions"}],"predecessor-version":[{"id":512,"href":"https:\/\/cpcms.fr\/associations\/besancon\/wp-json\/wp\/v2\/pages\/191\/revisions\/512"}],"wp:attachment":[{"href":"https:\/\/cpcms.fr\/associations\/besancon\/wp-json\/wp\/v2\/media?parent=191"}],"curies":[{"name":"wp","href":"https:\/\/api.w.org\/{rel}","templated":true}]}}