{"id":8,"date":"2023-03-13T10:26:59","date_gmt":"2023-03-13T09:26:59","guid":{"rendered":"https:\/\/cpcms.fr\/associations\/besancon\/?page_id=8"},"modified":"2026-01-08T18:28:39","modified_gmt":"2026-01-08T17:28:39","slug":"bureau","status":"publish","type":"page","link":"https:\/\/cpcms.fr\/associations\/besancon\/bureau\/","title":{"rendered":"Bureau"},"content":{"rendered":"\t\t<div data-elementor-type=\"wp-page\" data-elementor-id=\"8\" class=\"elementor elementor-8\" data-elementor-post-type=\"page\">\n\t\t\t\t\t\t\t\t\t<section class=\"elementor-section elementor-top-section elementor-element elementor-element-d8f165d elementor-section-boxed elementor-section-height-default elementor-section-height-default\" data-id=\"d8f165d\" data-element_type=\"section\">\n\t\t\t\t\t\t<div class=\"elementor-container elementor-column-gap-default\">\n\t\t\t\t\t<div class=\"elementor-column elementor-col-33 elementor-top-column elementor-element elementor-element-462edd6\" data-id=\"462edd6\" data-element_type=\"column\">\n\t\t\t<div class=\"elementor-widget-wrap elementor-element-populated\">\n\t\t\t\t\t\t\t\t<div class=\"elementor-element elementor-element-916eddd elementor-widget elementor-widget-image\" data-id=\"916eddd\" data-element_type=\"widget\" data-widget_type=\"image.default\">\n\t\t\t\t<div class=\"elementor-widget-container\">\n\t\t\t<style>\/*! elementor - v3.18.0 - 20-12-2023 *\/\n.elementor-widget-image{text-align:center}.elementor-widget-image a{display:inline-block}.elementor-widget-image a img[src$=\".svg\"]{width:48px}.elementor-widget-image img{vertical-align:middle;display:inline-block}<\/style>\t\t\t\t\t\t\t\t\t\t\t\t<img fetchpriority=\"high\" decoding=\"async\" width=\"750\" height=\"750\" src=\"https:\/\/cpcms.fr\/associations\/besancon\/wp-content\/uploads\/2024\/07\/WhatsApp-Image-2024-07-04-a-11.52.46_a67abdc2-1024x1024.jpg\" class=\"attachment-large size-large wp-image-491\" alt=\"\" srcset=\"https:\/\/cpcms.fr\/associations\/besancon\/wp-content\/uploads\/2024\/07\/WhatsApp-Image-2024-07-04-a-11.52.46_a67abdc2-1024x1024.jpg 1024w, https:\/\/cpcms.fr\/associations\/besancon\/wp-content\/uploads\/2024\/07\/WhatsApp-Image-2024-07-04-a-11.52.46_a67abdc2-300x300.jpg 300w, https:\/\/cpcms.fr\/associations\/besancon\/wp-content\/uploads\/2024\/07\/WhatsApp-Image-2024-07-04-a-11.52.46_a67abdc2-150x150.jpg 150w, https:\/\/cpcms.fr\/associations\/besancon\/wp-content\/uploads\/2024\/07\/WhatsApp-Image-2024-07-04-a-11.52.46_a67abdc2-768x768.jpg 768w, https:\/\/cpcms.fr\/associations\/besancon\/wp-content\/uploads\/2024\/07\/WhatsApp-Image-2024-07-04-a-11.52.46_a67abdc2-1536x1536.jpg 1536w, https:\/\/cpcms.fr\/associations\/besancon\/wp-content\/uploads\/2024\/07\/WhatsApp-Image-2024-07-04-a-11.52.46_a67abdc2.jpg 1600w\" sizes=\"(max-width: 750px) 100vw, 750px\" \/>\t\t\t\t\t\t\t\t\t\t\t\t\t\t\t<\/div>\n\t\t\t\t<\/div>\n\t\t\t\t<div class=\"elementor-element elementor-element-fbbe7bb elementor-widget elementor-widget-text-editor\" data-id=\"fbbe7bb\" data-element_type=\"widget\" data-widget_type=\"text-editor.default\">\n\t\t\t\t<div class=\"elementor-widget-container\">\n\t\t\t<style>\/*! elementor - v3.18.0 - 20-12-2023 *\/\n.elementor-widget-text-editor.elementor-drop-cap-view-stacked .elementor-drop-cap{background-color:#69727d;color:#fff}.elementor-widget-text-editor.elementor-drop-cap-view-framed .elementor-drop-cap{color:#69727d;border:3px solid;background-color:transparent}.elementor-widget-text-editor:not(.elementor-drop-cap-view-default) .elementor-drop-cap{margin-top:8px}.elementor-widget-text-editor:not(.elementor-drop-cap-view-default) .elementor-drop-cap-letter{width:1em;height:1em}.elementor-widget-text-editor .elementor-drop-cap{float:left;text-align:center;line-height:1;font-size:50px}.elementor-widget-text-editor .elementor-drop-cap-letter{display:inline-block}<\/style>\t\t\t\t<p style=\"text-align: center;\"><strong>Matthieu\u00a0<\/strong><strong>FOURNY<\/strong><\/p><p>Pr\u00e9sident<\/p><p>Pharmacien \u00e0 BAVILLIERS (90800)<\/p>\t\t\t\t\t\t<\/div>\n\t\t\t\t<\/div>\n\t\t\t\t\t<\/div>\n\t\t<\/div>\n\t\t\t\t<div class=\"elementor-column elementor-col-33 elementor-top-column elementor-element elementor-element-b791c2f\" data-id=\"b791c2f\" data-element_type=\"column\">\n\t\t\t<div class=\"elementor-widget-wrap elementor-element-populated\">\n\t\t\t\t\t\t\t\t<div class=\"elementor-element elementor-element-485a668 elementor-widget__width-initial elementor-widget elementor-widget-image\" data-id=\"485a668\" data-element_type=\"widget\" data-widget_type=\"image.default\">\n\t\t\t\t<div class=\"elementor-widget-container\">\n\t\t\t\t\t\t\t\t\t\t\t\t\t\t\t<img decoding=\"async\" width=\"750\" height=\"750\" src=\"https:\/\/cpcms.fr\/associations\/besancon\/wp-content\/uploads\/2025\/11\/WhatsApp-Image-2025-11-21-a-11.38.52_fdba4cd9.jpg\" class=\"attachment-large size-large wp-image-514\" alt=\"\" srcset=\"https:\/\/cpcms.fr\/associations\/besancon\/wp-content\/uploads\/2025\/11\/WhatsApp-Image-2025-11-21-a-11.38.52_fdba4cd9.jpg 935w, https:\/\/cpcms.fr\/associations\/besancon\/wp-content\/uploads\/2025\/11\/WhatsApp-Image-2025-11-21-a-11.38.52_fdba4cd9-300x300.jpg 300w, https:\/\/cpcms.fr\/associations\/besancon\/wp-content\/uploads\/2025\/11\/WhatsApp-Image-2025-11-21-a-11.38.52_fdba4cd9-150x150.jpg 150w, https:\/\/cpcms.fr\/associations\/besancon\/wp-content\/uploads\/2025\/11\/WhatsApp-Image-2025-11-21-a-11.38.52_fdba4cd9-768x768.jpg 768w\" sizes=\"(max-width: 750px) 100vw, 750px\" \/>\t\t\t\t\t\t\t\t\t\t\t\t\t\t\t<\/div>\n\t\t\t\t<\/div>\n\t\t\t\t<div class=\"elementor-element elementor-element-8945fc4 elementor-widget elementor-widget-text-editor\" data-id=\"8945fc4\" data-element_type=\"widget\" data-widget_type=\"text-editor.default\">\n\t\t\t\t<div class=\"elementor-widget-container\">\n\t\t\t\t\t\t\t<p style=\"text-align: center;\"><strong>Alex MAILLARBAUX<\/strong><\/p><p>Vice-secr\u00e9taire<\/p><p>Pharmacien \u00e0 BELFORT (90000)<\/p>\t\t\t\t\t\t<\/div>\n\t\t\t\t<\/div>\n\t\t\t\t\t<\/div>\n\t\t<\/div>\n\t\t\t\t<div class=\"elementor-column elementor-col-33 elementor-top-column elementor-element elementor-element-28c8573\" data-id=\"28c8573\" data-element_type=\"column\">\n\t\t\t<div class=\"elementor-widget-wrap elementor-element-populated\">\n\t\t\t\t\t\t\t\t<div class=\"elementor-element elementor-element-1255259 elementor-widget elementor-widget-text-editor\" data-id=\"1255259\" data-element_type=\"widget\" data-widget_type=\"text-editor.default\">\n\t\t\t\t<div class=\"elementor-widget-container\">\n\t\t\t\t\t\t\t<p style=\"text-align: center;\"><b>Laura GROSMAIRE<\/b><\/p><p>Vice-tr\u00e9sorier<\/p><p>Pharmacien \u00e0 CHAMAPGNEY(70)<\/p>\t\t\t\t\t\t<\/div>\n\t\t\t\t<\/div>\n\t\t\t\t\t<\/div>\n\t\t<\/div>\n\t\t\t\t\t\t\t<\/div>\n\t\t<\/section>\n\t\t\t\t<section class=\"elementor-section elementor-top-section elementor-element elementor-element-d3f52c7 elementor-section-boxed elementor-section-height-default elementor-section-height-default\" data-id=\"d3f52c7\" data-element_type=\"section\">\n\t\t\t\t\t\t<div class=\"elementor-container elementor-column-gap-default\">\n\t\t\t\t\t<div class=\"elementor-column elementor-col-33 elementor-top-column elementor-element elementor-element-717d980\" data-id=\"717d980\" data-element_type=\"column\">\n\t\t\t<div class=\"elementor-widget-wrap elementor-element-populated\">\n\t\t\t\t\t\t\t\t<div class=\"elementor-element elementor-element-1b0e628 elementor-widget elementor-widget-image\" data-id=\"1b0e628\" data-element_type=\"widget\" data-widget_type=\"image.default\">\n\t\t\t\t<div class=\"elementor-widget-container\">\n\t\t\t\t\t\t\t\t\t\t\t\t\t\t\t<img decoding=\"async\" width=\"750\" height=\"1012\" src=\"https:\/\/cpcms.fr\/associations\/besancon\/wp-content\/uploads\/2023\/06\/MINIATURE-Rodolphe-POURTIER-URPS-2021-BFC-759x1024.jpg\" class=\"attachment-large size-large wp-image-303\" alt=\"\" srcset=\"https:\/\/cpcms.fr\/associations\/besancon\/wp-content\/uploads\/2023\/06\/MINIATURE-Rodolphe-POURTIER-URPS-2021-BFC-759x1024.jpg 759w, https:\/\/cpcms.fr\/associations\/besancon\/wp-content\/uploads\/2023\/06\/MINIATURE-Rodolphe-POURTIER-URPS-2021-BFC-222x300.jpg 222w, https:\/\/cpcms.fr\/associations\/besancon\/wp-content\/uploads\/2023\/06\/MINIATURE-Rodolphe-POURTIER-URPS-2021-BFC-768x1036.jpg 768w, https:\/\/cpcms.fr\/associations\/besancon\/wp-content\/uploads\/2023\/06\/MINIATURE-Rodolphe-POURTIER-URPS-2021-BFC.jpg 801w\" sizes=\"(max-width: 750px) 100vw, 750px\" \/>\t\t\t\t\t\t\t\t\t\t\t\t\t\t\t<\/div>\n\t\t\t\t<\/div>\n\t\t\t\t<div class=\"elementor-element elementor-element-1c5d186 elementor-widget elementor-widget-text-editor\" data-id=\"1c5d186\" data-element_type=\"widget\" data-widget_type=\"text-editor.default\">\n\t\t\t\t<div class=\"elementor-widget-container\">\n\t\t\t\t\t\t\t<p style=\"text-align: center;\"><strong>Rodolphe POURTIER<br \/><\/strong>Vice-pr\u00e9sident<\/p><p>Pharmacien \u00e0 AUDINCOURT (25031)<\/p>\t\t\t\t\t\t<\/div>\n\t\t\t\t<\/div>\n\t\t\t\t\t<\/div>\n\t\t<\/div>\n\t\t\t\t<div class=\"elementor-column elementor-col-33 elementor-top-column elementor-element elementor-element-cf599e3\" data-id=\"cf599e3\" data-element_type=\"column\">\n\t\t\t<div class=\"elementor-widget-wrap elementor-element-populated\">\n\t\t\t\t\t\t\t\t<div class=\"elementor-element elementor-element-2232e51 elementor-widget elementor-widget-text-editor\" data-id=\"2232e51\" data-element_type=\"widget\" data-widget_type=\"text-editor.default\">\n\t\t\t\t<div class=\"elementor-widget-container\">\n\t\t\t\t\t\t\t<p style=\"text-align: center;\"><b>Anne-Charlotte GRILLON<\/b><\/p><p style=\"text-align: center;\">Secr\u00e9taire<\/p><p style=\"text-align: center;\">Pharmacien \u00e0 VALENTIGNEY (25)<\/p>\t\t\t\t\t\t<\/div>\n\t\t\t\t<\/div>\n\t\t\t\t\t<\/div>\n\t\t<\/div>\n\t\t\t\t<div class=\"elementor-column elementor-col-33 elementor-top-column elementor-element elementor-element-007c1fb\" data-id=\"007c1fb\" data-element_type=\"column\">\n\t\t\t<div class=\"elementor-widget-wrap elementor-element-populated\">\n\t\t\t\t\t\t\t\t<div class=\"elementor-element elementor-element-4c7e5ba elementor-widget elementor-widget-image\" data-id=\"4c7e5ba\" data-element_type=\"widget\" data-widget_type=\"image.default\">\n\t\t\t\t<div class=\"elementor-widget-container\">\n\t\t\t\t\t\t\t\t\t\t\t\t\t\t\t<img loading=\"lazy\" decoding=\"async\" width=\"750\" height=\"997\" src=\"https:\/\/cpcms.fr\/associations\/besancon\/wp-content\/uploads\/2023\/06\/WhatsApp-Image-2023-06-05-a-18.23.22-2-770x1024.jpg\" class=\"attachment-large size-large wp-image-318\" alt=\"\" srcset=\"https:\/\/cpcms.fr\/associations\/besancon\/wp-content\/uploads\/2023\/06\/WhatsApp-Image-2023-06-05-a-18.23.22-2-770x1024.jpg 770w, https:\/\/cpcms.fr\/associations\/besancon\/wp-content\/uploads\/2023\/06\/WhatsApp-Image-2023-06-05-a-18.23.22-2-226x300.jpg 226w, https:\/\/cpcms.fr\/associations\/besancon\/wp-content\/uploads\/2023\/06\/WhatsApp-Image-2023-06-05-a-18.23.22-2-768x1022.jpg 768w, https:\/\/cpcms.fr\/associations\/besancon\/wp-content\/uploads\/2023\/06\/WhatsApp-Image-2023-06-05-a-18.23.22-2.jpg 836w\" sizes=\"(max-width: 750px) 100vw, 750px\" \/>\t\t\t\t\t\t\t\t\t\t\t\t\t\t\t<\/div>\n\t\t\t\t<\/div>\n\t\t\t\t<div class=\"elementor-element elementor-element-4987a94 elementor-widget elementor-widget-text-editor\" data-id=\"4987a94\" data-element_type=\"widget\" data-widget_type=\"text-editor.default\">\n\t\t\t\t<div class=\"elementor-widget-container\">\n\t\t\t\t\t\t\t<p style=\"text-align: center;\"><b>Benjamin PETER<\/b><\/p><p>Tr\u00e9sorier<\/p><p style=\"text-align: center;\">Pharmacien \u00e0 DANJOUTIN (90400)<\/p>\t\t\t\t\t\t<\/div>\n\t\t\t\t<\/div>\n\t\t\t\t\t<\/div>\n\t\t<\/div>\n\t\t\t\t\t\t\t<\/div>\n\t\t<\/section>\n\t\t\t\t<section class=\"elementor-section elementor-top-section elementor-element elementor-element-4829e95 elementor-section-boxed elementor-section-height-default elementor-section-height-default\" data-id=\"4829e95\" data-element_type=\"section\">\n\t\t\t\t\t\t<div class=\"elementor-container elementor-column-gap-default\">\n\t\t\t\t\t<div class=\"elementor-column elementor-col-100 elementor-top-column elementor-element elementor-element-e0c4053\" data-id=\"e0c4053\" data-element_type=\"column\">\n\t\t\t<div class=\"elementor-widget-wrap\">\n\t\t\t\t\t\t\t\t\t<\/div>\n\t\t<\/div>\n\t\t\t\t\t\t\t<\/div>\n\t\t<\/section>\n\t\t\t\t<section class=\"elementor-section elementor-top-section elementor-element elementor-element-bc072fe elementor-section-boxed elementor-section-height-default elementor-section-height-default\" data-id=\"bc072fe\" data-element_type=\"section\">\n\t\t\t\t\t\t<div class=\"elementor-container elementor-column-gap-default\">\n\t\t\t\t\t<div class=\"elementor-column elementor-col-100 elementor-top-column elementor-element elementor-element-8a93f03\" data-id=\"8a93f03\" data-element_type=\"column\">\n\t\t\t<div class=\"elementor-widget-wrap elementor-element-populated\">\n\t\t\t\t\t\t\t\t<div class=\"elementor-element elementor-element-da78142 elementor-align-center elementor-invisible elementor-widget elementor-widget-button\" data-id=\"da78142\" data-element_type=\"widget\" data-settings=\"{&quot;_animation&quot;:&quot;zoomIn&quot;}\" data-widget_type=\"button.default\">\n\t\t\t\t<div class=\"elementor-widget-container\">\n\t\t\t\t\t<div class=\"elementor-button-wrapper\">\n\t\t\t<a class=\"elementor-button elementor-button-link elementor-size-sm\" href=\"https:\/\/www.helloasso.com\/associations\/offistage\/adhesions\/adhesion-offistage-et-paiement-par-cb-2026\">\n\t\t\t\t\t\t<span class=\"elementor-button-content-wrapper\">\n\t\t\t\t\t\t<span class=\"elementor-button-text\">Cliquez ici : <br>ADHESION OFFISTAGE 2026 ET PAIEMENT PAR CB<\/span>\n\t\t<\/span>\n\t\t\t\t\t<\/a>\n\t\t<\/div>\n\t\t\t\t<\/div>\n\t\t\t\t<\/div>\n\t\t\t\t\t<\/div>\n\t\t<\/div>\n\t\t\t\t\t\t\t<\/div>\n\t\t<\/section>\n\t\t\t\t\t\t\t<\/div>\n\t\t","protected":false},"excerpt":{"rendered":"<p>Matthieu\u00a0FOURNY Pr\u00e9sident Pharmacien \u00e0 BAVILLIERS (90800) Alex MAILLARBAUX Vice-secr\u00e9taire Pharmacien \u00e0 BELFORT (90000) Laura GROSMAIRE Vice-tr\u00e9sorier Pharmacien \u00e0 CHAMAPGNEY(70) Rodolphe POURTIERVice-pr\u00e9sident Pharmacien \u00e0 AUDINCOURT (25031) Anne-Charlotte GRILLON Secr\u00e9taire Pharmacien \u00e0 VALENTIGNEY (25) Benjamin PETER Tr\u00e9sorier Pharmacien \u00e0 DANJOUTIN (90400) Cliquez ici : ADHESION OFFISTAGE 2026 ET PAIEMENT PAR CB<\/p>\n","protected":false},"author":1,"featured_media":0,"parent":0,"menu_order":0,"comment_status":"closed","ping_status":"closed","template":"page-templates\/template-pagebuilder-full-width.php","meta":{"footnotes":""},"class_list":["post-8","page","type-page","status-publish","hentry"],"_links":{"self":[{"href":"https:\/\/cpcms.fr\/associations\/besancon\/wp-json\/wp\/v2\/pages\/8","targetHints":{"allow":["GET"]}}],"collection":[{"href":"https:\/\/cpcms.fr\/associations\/besancon\/wp-json\/wp\/v2\/pages"}],"about":[{"href":"https:\/\/cpcms.fr\/associations\/besancon\/wp-json\/wp\/v2\/types\/page"}],"author":[{"embeddable":true,"href":"https:\/\/cpcms.fr\/associations\/besancon\/wp-json\/wp\/v2\/users\/1"}],"replies":[{"embeddable":true,"href":"https:\/\/cpcms.fr\/associations\/besancon\/wp-json\/wp\/v2\/comments?post=8"}],"version-history":[{"count":80,"href":"https:\/\/cpcms.fr\/associations\/besancon\/wp-json\/wp\/v2\/pages\/8\/revisions"}],"predecessor-version":[{"id":538,"href":"https:\/\/cpcms.fr\/associations\/besancon\/wp-json\/wp\/v2\/pages\/8\/revisions\/538"}],"wp:attachment":[{"href":"https:\/\/cpcms.fr\/associations\/besancon\/wp-json\/wp\/v2\/media?parent=8"}],"curies":[{"name":"wp","href":"https:\/\/api.w.org\/{rel}","templated":true}]}}