{"id":14,"date":"2023-03-13T10:42:40","date_gmt":"2023-03-13T09:42:40","guid":{"rendered":"https:\/\/cpcms.fr\/associations\/lyon\/?page_id=14"},"modified":"2024-01-24T14:59:35","modified_gmt":"2024-01-24T13:59:35","slug":"qui-sommes-nous","status":"publish","type":"page","link":"https:\/\/cpcms.fr\/associations\/lyon\/","title":{"rendered":"Qui sommes-nous"},"content":{"rendered":"\t\t<div data-elementor-type=\"wp-page\" data-elementor-id=\"14\" class=\"elementor elementor-14\" data-elementor-post-type=\"page\">\n\t\t\t\t\t\t<section class=\"elementor-section elementor-top-section elementor-element elementor-element-e3dc6a3 elementor-section-boxed elementor-section-height-default elementor-section-height-default\" data-id=\"e3dc6a3\" data-element_type=\"section\">\n\t\t\t\t\t\t<div class=\"elementor-container elementor-column-gap-default\">\n\t\t\t\t\t<div class=\"elementor-column elementor-col-100 elementor-top-column elementor-element elementor-element-da0cb7b\" data-id=\"da0cb7b\" data-element_type=\"column\">\n\t\t\t<div class=\"elementor-widget-wrap elementor-element-populated\">\n\t\t\t\t\t\t<div class=\"elementor-element elementor-element-758db55 elementor-widget elementor-widget-image\" data-id=\"758db55\" data-element_type=\"widget\" data-widget_type=\"image.default\">\n\t\t\t\t<div class=\"elementor-widget-container\">\n\t\t\t\t\t\t\t\t\t\t\t\t\t<img fetchpriority=\"high\" decoding=\"async\" width=\"623\" height=\"334\" src=\"https:\/\/cpcms.fr\/associations\/lyon\/wp-content\/uploads\/2023\/12\/ISPB.jpg\" class=\"attachment-large size-large wp-image-114\" alt=\"\" srcset=\"https:\/\/cpcms.fr\/associations\/lyon\/wp-content\/uploads\/2023\/12\/ISPB.jpg 623w, https:\/\/cpcms.fr\/associations\/lyon\/wp-content\/uploads\/2023\/12\/ISPB-300x161.jpg 300w\" sizes=\"(max-width: 623px) 100vw, 623px\" \/>\t\t\t\t\t\t\t\t\t\t\t\t\t<\/div>\n\t\t\t\t<\/div>\n\t\t\t\t\t<\/div>\n\t\t<\/div>\n\t\t\t\t\t<\/div>\n\t\t<\/section>\n\t\t\t\t<section class=\"elementor-section elementor-top-section elementor-element elementor-element-4b68f86 elementor-section-boxed elementor-section-height-default elementor-section-height-default\" data-id=\"4b68f86\" data-element_type=\"section\">\n\t\t\t\t\t\t<div class=\"elementor-container elementor-column-gap-default\">\n\t\t\t\t\t<div class=\"elementor-column elementor-col-66 elementor-top-column elementor-element elementor-element-4927fea\" data-id=\"4927fea\" data-element_type=\"column\">\n\t\t\t<div class=\"elementor-widget-wrap elementor-element-populated\">\n\t\t\t\t\t\t<div class=\"elementor-element elementor-element-b5685ca elementor-widget elementor-widget-text-editor\" data-id=\"b5685ca\" data-element_type=\"widget\" data-widget_type=\"text-editor.default\">\n\t\t\t\t<div class=\"elementor-widget-container\">\n\t\t\t\t\t\t\t<strong>Cr\u00e9\u00e9 en 1994 l\u2019association des Pharmaciens Conseillers et Ma\u00eetres de Stage Agr\u00e9\u00e9s de la facult\u00e9 de pharmacie de Lyon, est r\u00e9f\u00e9rente pour les d\u00e9partements du Rh\u00f4ne, de la Loire et de l&rsquo;Ain.<\/strong>\n\n<strong>Cette Association a pour but :<\/strong>\n<ol>\n \t<li><strong>d\u2019\u00e9tudier toutes questions int\u00e9ressant les stages en pharmacie, leur organisation, leur<\/strong>\n<strong>perfectionnement, et de formuler des propositions ou des voeux en ce sens<\/strong><\/li>\n \t<li><strong>de d\u00e9fendre les int\u00e9r\u00eats de ses membres (en ce qu\u2019ils tiennent aux questions de stage)<\/strong>\n<strong>et de les repr\u00e9senter aupr\u00e8s des Pouvoirs Publics, Universit\u00e9s, Ordre des Pharmaciens,<\/strong>\n<strong>Groupements et Associations professionnelles ou Administrations<\/strong><\/li>\n \t<li><strong>d\u2019aider \u00e0 la formation professionnelle des \u00e9tudiants stagiaires par l\u2019organisation<\/strong>\n<strong>d\u2019examens techniques, l\u2019attribution de r\u00e9compenses et toutes autres mesures pouvant se<\/strong>\n<strong>rapporter \u00e0 l\u2019enseignement ou \u00e0 la pratique des stages<\/strong><\/li>\n \t<li><strong>de participer \u00e0 l\u2019enseignement post-universitaire des pharmaciens, dans le cadre de la<\/strong>\n<strong>formation continue ou de toute Association dont le but est le perfectionnement de la<\/strong>\n<strong>formation des pharmaciens<\/strong><\/li>\n<\/ol>\n<em><strong>Le pr\u00e9sident, <\/strong><\/em>\n\n<em><strong>Th\u00e9o LEFEVRE<\/strong><\/em>\t\t\t\t\t\t<\/div>\n\t\t\t\t<\/div>\n\t\t\t\t\t<\/div>\n\t\t<\/div>\n\t\t\t\t<div class=\"elementor-column elementor-col-33 elementor-top-column elementor-element elementor-element-69d6ffb\" data-id=\"69d6ffb\" data-element_type=\"column\">\n\t\t\t<div class=\"elementor-widget-wrap elementor-element-populated\">\n\t\t\t\t\t\t<div class=\"elementor-element elementor-element-e778b6d elementor-widget elementor-widget-text-editor\" data-id=\"e778b6d\" data-element_type=\"widget\" data-widget_type=\"text-editor.default\">\n\t\t\t\t<div class=\"elementor-widget-container\">\n\t\t\t\t\t\t\t<iframe style=\"width: 350px; height: 450px; border: none;\" id=\"haWidget\" allowtransparency=\"true\" src=\"https:\/\/www.helloasso.com\/associations\/college-des-pharmaciens-agrees-maitres-de-stage-de-la-faculte-de-lyon\/adhesions\/adhesion-au-college-association\/widget-vignette\"><\/iframe>\t\t\t\t\t\t<\/div>\n\t\t\t\t<\/div>\n\t\t\t\t\t<\/div>\n\t\t<\/div>\n\t\t\t\t\t<\/div>\n\t\t<\/section>\n\t\t\t\t<\/div>\n\t\t","protected":false},"excerpt":{"rendered":"<p>Cr\u00e9\u00e9 en 1994 l\u2019association des Pharmaciens Conseillers et Ma\u00eetres de Stage Agr\u00e9\u00e9s de la facult\u00e9 de pharmacie de Lyon, est r\u00e9f\u00e9rente pour les d\u00e9partements du Rh\u00f4ne, de la Loire et de l&rsquo;Ain. Cette Association a pour but : d\u2019\u00e9tudier toutes questions int\u00e9ressant les stages en pharmacie, leur organisation, leur perfectionnement, [&hellip;]<\/p>\n","protected":false},"author":1,"featured_media":0,"parent":0,"menu_order":0,"comment_status":"closed","ping_status":"closed","template":"page-templates\/template-pagebuilder-full-width.php","meta":{"footnotes":""},"class_list":["post-14","page","type-page","status-publish","hentry"],"_links":{"self":[{"href":"https:\/\/cpcms.fr\/associations\/lyon\/wp-json\/wp\/v2\/pages\/14","targetHints":{"allow":["GET"]}}],"collection":[{"href":"https:\/\/cpcms.fr\/associations\/lyon\/wp-json\/wp\/v2\/pages"}],"about":[{"href":"https:\/\/cpcms.fr\/associations\/lyon\/wp-json\/wp\/v2\/types\/page"}],"author":[{"embeddable":true,"href":"https:\/\/cpcms.fr\/associations\/lyon\/wp-json\/wp\/v2\/users\/1"}],"replies":[{"embeddable":true,"href":"https:\/\/cpcms.fr\/associations\/lyon\/wp-json\/wp\/v2\/comments?post=14"}],"version-history":[{"count":19,"href":"https:\/\/cpcms.fr\/associations\/lyon\/wp-json\/wp\/v2\/pages\/14\/revisions"}],"predecessor-version":[{"id":235,"href":"https:\/\/cpcms.fr\/associations\/lyon\/wp-json\/wp\/v2\/pages\/14\/revisions\/235"}],"wp:attachment":[{"href":"https:\/\/cpcms.fr\/associations\/lyon\/wp-json\/wp\/v2\/media?parent=14"}],"curies":[{"name":"wp","href":"https:\/\/api.w.org\/{rel}","templated":true}]}}