{"id":111,"date":"2023-03-23T09:32:20","date_gmt":"2023-03-23T08:32:20","guid":{"rendered":"https:\/\/cpcms.fr\/associations\/nancy\/?page_id=111"},"modified":"2023-03-27T22:53:03","modified_gmt":"2023-03-27T20:53:03","slug":"jeu-de-cartes-atc","status":"publish","type":"page","link":"https:\/\/cpcms.fr\/associations\/nancy\/jeu-de-cartes-atc\/","title":{"rendered":"Jeu de cartes ATC"},"content":{"rendered":"\t\t<div data-elementor-type=\"wp-page\" data-elementor-id=\"111\" class=\"elementor elementor-111\" data-elementor-post-type=\"page\">\n\t\t\t\t\t\t<section class=\"elementor-section elementor-top-section elementor-element elementor-element-41e4704 elementor-section-boxed elementor-section-height-default elementor-section-height-default\" data-id=\"41e4704\" data-element_type=\"section\">\n\t\t\t\t\t\t<div class=\"elementor-container elementor-column-gap-default\">\n\t\t\t\t\t<div class=\"elementor-column elementor-col-33 elementor-top-column elementor-element elementor-element-606289e\" data-id=\"606289e\" data-element_type=\"column\">\n\t\t\t<div class=\"elementor-widget-wrap elementor-element-populated\">\n\t\t\t\t\t\t<div class=\"elementor-element elementor-element-1b5f39b elementor-widget elementor-widget-sidebar\" data-id=\"1b5f39b\" data-element_type=\"widget\" data-widget_type=\"sidebar.default\">\n\t\t\t\t<div class=\"elementor-widget-container\">\n\t\t\t\t\t<div id=\"custom_html-3\" class=\"widget_text widget widget_custom_html\"><div class=\"textwidget custom-html-widget\"><\/div><\/div><div id=\"search-2\" class=\"widget widget_search\"><form role=\"search\" method=\"get\" class=\"search-form\" action=\"https:\/\/cpcms.fr\/associations\/nancy\/\">\n\t\t\t\t<label>\n\t\t\t\t\t<span class=\"screen-reader-text\">Rechercher\u00a0:<\/span>\n\t\t\t\t\t<input type=\"search\" class=\"search-field\" placeholder=\"Rechercher\u2026\" value=\"\" name=\"s\" \/>\n\t\t\t\t<\/label>\n\t\t\t\t<input type=\"submit\" class=\"search-submit\" value=\"Rechercher\" \/>\n\t\t\t<\/form><\/div><div id=\"custom_html-2\" class=\"widget_text widget widget_custom_html\"><h5>Adh\u00e9rer \u00e0 l&rsquo;association !<\/h5><div class=\"textwidget custom-html-widget\"><iframe id=\"haWidget\" allowtransparency=\"true\" src=\"https:\/\/www.helloasso.com\/associations\/pharmastage-lorraine\/adhesions\/adhesion-pharmastage-2026\/widget-vignette\" style=\"width: 100%; height: 580px; border: none;\"><\/iframe><\/div><\/div><div id=\"custom_html-4\" class=\"widget_text widget widget_custom_html\"><h5>Partenaires :<\/h5><div class=\"textwidget custom-html-widget\"><div><span style=\"font-family: Calibri,sans-serif; font-size: small;\"><span>\u00a0<\/span><\/span><\/div>\r\n<div><span style=\"font-family: Calibri,sans-serif; font-size: small;\"><span><a href=\"https:\/\/pharma.univ-lorraine.fr\/\" target=\"_blank\" rel=\"noopener noreferrer\">ACCUEIL - FACULT\u00c9 DE PHARMACIE DE NANCY (univ-lorraine.fr)<\/a><\/span><\/span><\/div>\r\n<div><span style=\"font-family: Calibri,sans-serif; font-size: small;\"><span><a href=\"https:\/\/cpcms.fr\/\" target=\"_blank\" rel=\"noopener noreferrer\">Coll\u00e8ge des Pharmaciens Conseillers et Ma\u00eetres de Stage (cpcms.fr)<\/a><\/span><\/span><\/div>\r\n<div><span style=\"font-family: Calibri,sans-serif; font-size: small;\"><span><a href=\"https:\/\/www.urpspharmaciensgrandest.fr\/\" target=\"_blank\" rel=\"noopener noreferrer\">URPS Grand Est - Association Pharmaciens Grand Est (urpspharmaciensgrandest.fr)<\/a><\/span><\/span><\/div>\r\n<div><span style=\"font-family: Calibri,sans-serif; font-size: small;\"><span><a href=\"http:\/\/goldowag.o2switch.net\/amyphar.org\/joomla30\/\" target=\"_blank\" rel=\"noopener noreferrer\">Associations des MYcologues PHARmaciens AMYPHAR<\/a><\/span><\/span><\/div><\/div><\/div>\t\t\t\t<\/div>\n\t\t\t\t<\/div>\n\t\t\t\t\t<\/div>\n\t\t<\/div>\n\t\t\t\t<div class=\"elementor-column elementor-col-66 elementor-top-column elementor-element elementor-element-9a7500c\" data-id=\"9a7500c\" data-element_type=\"column\">\n\t\t\t<div class=\"elementor-widget-wrap elementor-element-populated\">\n\t\t\t\t\t\t<div class=\"elementor-element elementor-element-db3d9b0 elementor-widget elementor-widget-text-editor\" data-id=\"db3d9b0\" data-element_type=\"widget\" data-widget_type=\"text-editor.default\">\n\t\t\t\t<div class=\"elementor-widget-container\">\n\t\t\t\t\t\t\t\t\t<p>Jeu de cartes ATC (Syst\u00e8me de classification Anatomique, Th\u00e9rapeutique et Chimique) : (<a href=\"https:\/\/cpcms.fr\/associations\/nancy\/wp-content\/uploads\/2023\/03\/cartes-ATC-Paysage-completes.pdf\">cartes ATC Paysage completes<\/a>)<\/p><p>Objectif : Rendre la r\u00e9ception des commandes un peu plus profitable pour r\u00e9viser<br \/>Moyen : 94 cartes repr\u00e9sentant la classification ATC \u00e0 mettre sur des groupes de boites avant rangement.<br \/>Consignes : Imprimer le fichier pdf <a href=\"https:\/\/cpcms.fr\/associations\/nancy\/wp-content\/uploads\/2023\/03\/cartes-ATC-Paysage-completes.pdf\">cartes ATC Paysage completes<\/a> en A4 avec l\u2019option d\u2019impression Multiple, Pages par feuille 9, Imprimer le contour, Orientation : Paysage. Vous d\u00e9coupez les cartes, vous pouvez ensuite les plastifier (fastidieux) ou encore utiliser des prot\u00e8ges cartes<\/p><p>R\u00e8gles du jeu :<br \/>Lors d\u2019une r\u00e9ception de commande (plut\u00f4t grossiste), l\u2019\u00e9tudiant r\u00e9unis les boites par sous-groupe ATC 2\u00e9ne niveau et y pose les cartes correspondantes. L demande ensuite une correction rapide par un membre de l\u2019\u00e9quipe comp\u00e9tent. Le \u00ab correcteur \u00bb discute avec l\u2019\u00e9tudiant des erreurs et oublis \u00e9ventuels. Ensuite le rangement de la commande peut se poursuivre.<br \/>Variantes : Il est tout \u00e0 fait possible de proposer \u00e0 l\u2019\u00e9tudiant un nombre plus r\u00e9duit de cartes correspondant aux classes ATC qu\u2019il \u00e0 d\u00e9j\u00e0 vu en enseignement.<\/p><p>En r\u00e9sum\u00e9 : Un outil d\u2019apprentissage facile et rapide, libre et gratuit, qui permet une association visuelle (boite) et intellectuelle (\u00e0 quoi cela sert).<\/p><p>R\u00e8gles du jeu :<br \/>Lors d\u2019une r\u00e9ception de commande (plut\u00f4t grossiste), l\u2019\u00e9tudiant r\u00e9unis les boites par sous-groupe ATC 2\u00e9ne niveau et y pose les cartes correspondantes. L demande ensuite une correction rapide par un membre de l\u2019\u00e9quipe comp\u00e9tent. Le \u00ab correcteur \u00bb discute avec l\u2019\u00e9tudiant des erreurs et oublis \u00e9ventuels. Ensuite le rangement de la commande peut se poursuivre.<br \/>Variantes : Il est tout \u00e0 fait possible de proposer \u00e0 l\u2019\u00e9tudiant un nombre plus r\u00e9duit de cartes correspondant aux classes ATC qu\u2019il \u00e0 d\u00e9j\u00e0 vu en enseignement.<\/p><p>En r\u00e9sum\u00e9 : Un outil d\u2019apprentissage facile et rapide, libre et gratuit, qui permet une association visuelle (boite) et intellectuelle (\u00e0 quoi cela sert).<\/p>\t\t\t\t\t\t\t\t<\/div>\n\t\t\t\t<\/div>\n\t\t\t\t<div class=\"elementor-element elementor-element-f049fcc elementor-widget elementor-widget-image\" data-id=\"f049fcc\" data-element_type=\"widget\" data-widget_type=\"image.default\">\n\t\t\t\t<div class=\"elementor-widget-container\">\n\t\t\t\t\t\t\t\t\t\t\t\t\t\t\t<img fetchpriority=\"high\" decoding=\"async\" width=\"856\" height=\"574\" src=\"https:\/\/cpcms.fr\/associations\/nancy\/wp-content\/uploads\/2023\/03\/mode-emploi.png\" class=\"attachment-full size-full wp-image-113\" alt=\"\" srcset=\"https:\/\/cpcms.fr\/associations\/nancy\/wp-content\/uploads\/2023\/03\/mode-emploi.png 856w, https:\/\/cpcms.fr\/associations\/nancy\/wp-content\/uploads\/2023\/03\/mode-emploi-300x201.png 300w, https:\/\/cpcms.fr\/associations\/nancy\/wp-content\/uploads\/2023\/03\/mode-emploi-768x515.png 768w, https:\/\/cpcms.fr\/associations\/nancy\/wp-content\/uploads\/2023\/03\/mode-emploi-360x240.png 360w\" sizes=\"(max-width: 856px) 100vw, 856px\" \/>\t\t\t\t\t\t\t\t\t\t\t\t\t\t\t<\/div>\n\t\t\t\t<\/div>\n\t\t\t\t\t<\/div>\n\t\t<\/div>\n\t\t\t\t\t<\/div>\n\t\t<\/section>\n\t\t\t\t<\/div>\n\t\t","protected":false},"excerpt":{"rendered":"<p>Jeu de cartes ATC (Syst\u00e8me de classification Anatomique, Th\u00e9rapeutique et Chimique) : (cartes ATC Paysage completes) Objectif : Rendre la r\u00e9ception des commandes un peu plus profitable pour r\u00e9viserMoyen : 94 cartes repr\u00e9sentant la classification ATC \u00e0 mettre sur des groupes de boites avant rangement.Consignes : Imprimer le fichier pdf [&hellip;]<\/p>\n","protected":false},"author":1,"featured_media":0,"parent":0,"menu_order":0,"comment_status":"closed","ping_status":"closed","template":"page-templates\/template-pagebuilder-full-width.php","meta":{"footnotes":""},"class_list":["post-111","page","type-page","status-publish","hentry"],"_links":{"self":[{"href":"https:\/\/cpcms.fr\/associations\/nancy\/wp-json\/wp\/v2\/pages\/111","targetHints":{"allow":["GET"]}}],"collection":[{"href":"https:\/\/cpcms.fr\/associations\/nancy\/wp-json\/wp\/v2\/pages"}],"about":[{"href":"https:\/\/cpcms.fr\/associations\/nancy\/wp-json\/wp\/v2\/types\/page"}],"author":[{"embeddable":true,"href":"https:\/\/cpcms.fr\/associations\/nancy\/wp-json\/wp\/v2\/users\/1"}],"replies":[{"embeddable":true,"href":"https:\/\/cpcms.fr\/associations\/nancy\/wp-json\/wp\/v2\/comments?post=111"}],"version-history":[{"count":13,"href":"https:\/\/cpcms.fr\/associations\/nancy\/wp-json\/wp\/v2\/pages\/111\/revisions"}],"predecessor-version":[{"id":217,"href":"https:\/\/cpcms.fr\/associations\/nancy\/wp-json\/wp\/v2\/pages\/111\/revisions\/217"}],"wp:attachment":[{"href":"https:\/\/cpcms.fr\/associations\/nancy\/wp-json\/wp\/v2\/media?parent=111"}],"curies":[{"name":"wp","href":"https:\/\/api.w.org\/{rel}","templated":true}]}}