{"id":17,"date":"2023-03-13T11:48:33","date_gmt":"2023-03-13T10:48:33","guid":{"rendered":"https:\/\/cpcms.fr\/associations\/rouen\/?page_id=17"},"modified":"2025-01-22T09:38:26","modified_gmt":"2025-01-22T08:38:26","slug":"qui-sommes-nous","status":"publish","type":"page","link":"https:\/\/cpcms.fr\/associations\/rouen\/","title":{"rendered":"Qui sommes-nous"},"content":{"rendered":"\t\t<div data-elementor-type=\"wp-page\" data-elementor-id=\"17\" class=\"elementor elementor-17\">\n\t\t\t\t\t\t\t\t\t<section class=\"elementor-section elementor-top-section elementor-element elementor-element-a6c6a8c elementor-section-boxed elementor-section-height-default elementor-section-height-default\" data-id=\"a6c6a8c\" data-element_type=\"section\">\n\t\t\t\t\t\t<div class=\"elementor-container elementor-column-gap-default\">\n\t\t\t\t\t<div class=\"elementor-column elementor-col-100 elementor-top-column elementor-element elementor-element-50ab17c\" data-id=\"50ab17c\" data-element_type=\"column\">\n\t\t\t<div class=\"elementor-widget-wrap elementor-element-populated\">\n\t\t\t\t\t\t\t\t<div class=\"elementor-element elementor-element-826ecc5 elementor-widget elementor-widget-image\" data-id=\"826ecc5\" data-element_type=\"widget\" data-widget_type=\"image.default\">\n\t\t\t\t<div class=\"elementor-widget-container\">\n\t\t\t<style>\/*! elementor - v3.11.5 - 14-03-2023 *\/\n.elementor-widget-image{text-align:center}.elementor-widget-image a{display:inline-block}.elementor-widget-image a img[src$=\".svg\"]{width:48px}.elementor-widget-image img{vertical-align:middle;display:inline-block}<\/style>\t\t\t\t\t\t\t\t\t\t\t\t<img loading=\"lazy\" decoding=\"async\" width=\"750\" height=\"563\" src=\"https:\/\/cpcms.fr\/associations\/rouen\/wp-content\/uploads\/2023\/05\/20230504_161627-1024x768.jpg\" class=\"attachment-large size-large wp-image-145\" alt=\"\" srcset=\"https:\/\/cpcms.fr\/associations\/rouen\/wp-content\/uploads\/2023\/05\/20230504_161627-1024x768.jpg 1024w, https:\/\/cpcms.fr\/associations\/rouen\/wp-content\/uploads\/2023\/05\/20230504_161627-300x225.jpg 300w, https:\/\/cpcms.fr\/associations\/rouen\/wp-content\/uploads\/2023\/05\/20230504_161627-768x576.jpg 768w, https:\/\/cpcms.fr\/associations\/rouen\/wp-content\/uploads\/2023\/05\/20230504_161627-1536x1152.jpg 1536w, https:\/\/cpcms.fr\/associations\/rouen\/wp-content\/uploads\/2023\/05\/20230504_161627-2048x1536.jpg 2048w\" sizes=\"auto, (max-width: 750px) 100vw, 750px\" \/>\t\t\t\t\t\t\t\t\t\t\t\t\t\t\t<\/div>\n\t\t\t\t<\/div>\n\t\t\t\t<div class=\"elementor-element elementor-element-ce6d893 elementor-widget elementor-widget-text-editor\" data-id=\"ce6d893\" data-element_type=\"widget\" data-widget_type=\"text-editor.default\">\n\t\t\t\t<div class=\"elementor-widget-container\">\n\t\t\t<style>\/*! elementor - v3.11.5 - 14-03-2023 *\/\n.elementor-widget-text-editor.elementor-drop-cap-view-stacked .elementor-drop-cap{background-color:#818a91;color:#fff}.elementor-widget-text-editor.elementor-drop-cap-view-framed .elementor-drop-cap{color:#818a91;border:3px solid;background-color:transparent}.elementor-widget-text-editor:not(.elementor-drop-cap-view-default) .elementor-drop-cap{margin-top:8px}.elementor-widget-text-editor:not(.elementor-drop-cap-view-default) .elementor-drop-cap-letter{width:1em;height:1em}.elementor-widget-text-editor .elementor-drop-cap{float:left;text-align:center;line-height:1;font-size:50px}.elementor-widget-text-editor .elementor-drop-cap-letter{display:inline-block}<\/style>\t\t\t\t<p class=\"p1\">L&rsquo;association des ma\u00eetres de stage de Rouen (AMS 276), est une association loi 1901, qui a \u00e9t\u00e9 cr\u00e9e en 1996.<\/p><p class=\"p1\">Le but de cette association est de faire le lien entre les ma\u00eetres de stage, les stagiaires en officine et la fac. En effet, les 6 ann\u00e9es d&rsquo;\u00e9tudes sont ponctu\u00e9es de plusieurs stages en officine afin de former au mieux les \u00e9tudiants \u00e0 leur futur m\u00e9tier.<\/p><p class=\"p1\"><span style=\"font-size: inherit; color: var( --e-global-color-text ); font-family: var( --e-global-typography-text-font-family ), Sans-serif; font-weight: var( --e-global-typography-text-font-weight );\">Aujourd&rsquo;hui 230 pharmaciens du 76 et du 27 sont investis dans la formation des officinaux de demain .<\/span><\/p><p class=\"p1\"><span style=\"font-size: inherit; color: var( --e-global-color-text ); font-family: var( --e-global-typography-text-font-family ), Sans-serif; font-weight: var( --e-global-typography-text-font-weight );\">En pratique, notre bureau organise des formations pour les ma\u00eetres de stage et pour les stagiaires de 6i\u00e8me ann\u00e9e, des temps d&rsquo;\u00e9change et de rencontre, les jurys d&rsquo;examens&#8230;&#8230; Nous veillons en collaboration avec la fac \u00e0 l&rsquo;organisation des stages et \u00e0 leur bon d\u00e9roulement.<\/span><\/p><p class=\"p1\"><span style=\"font-size: inherit; color: var( --e-global-color-text ); font-family: var( --e-global-typography-text-font-family ), Sans-serif; font-weight: var( --e-global-typography-text-font-weight );\">Nous sommes aussi en lien avec les associations des autres fac via le Coll\u00e8ge des Pharmaciens Conseillers et Ma\u00eetres de stage (CPCMS).<\/span><\/p><p class=\"p1\"><span style=\"font-size: inherit; color: var( --e-global-color-text ); font-family: var( --e-global-typography-text-font-family ), Sans-serif; font-weight: var( --e-global-typography-text-font-weight );\">Si vous \u00eates pharmaciens et que l&rsquo;aventure vous tente, rejoignez nous !<\/span><\/p><p class=\"p1\"><span style=\"font-size: inherit; color: var( --e-global-color-text ); font-family: var( --e-global-typography-text-font-family ), Sans-serif; font-weight: var( --e-global-typography-text-font-weight );\">\u00a0<\/span><\/p><p class=\"p1\"><span style=\"color: var( --e-global-color-text ); font-family: var( --e-global-typography-text-font-family ), Sans-serif; font-size: inherit; font-weight: var( --e-global-typography-text-font-weight );\">Lucile Louin et Sophie Assire<\/span><\/p><p class=\"p1\">Pr\u00e9sidentes de l&rsquo;AMS 276<\/p>\t\t\t\t\t\t<\/div>\n\t\t\t\t<\/div>\n\t\t\t\t\t<\/div>\n\t\t<\/div>\n\t\t\t\t\t\t\t<\/div>\n\t\t<\/section>\n\t\t\t\t\t\t\t<\/div>\n\t\t","protected":false},"excerpt":{"rendered":"<p>L&rsquo;association des ma\u00eetres de stage de Rouen (AMS 276), est une association loi 1901, qui a \u00e9t\u00e9 cr\u00e9e en 1996. Le but de cette association est de faire le lien entre les ma\u00eetres de stage, les stagiaires en officine et la fac. En effet, les 6 ann\u00e9es d&rsquo;\u00e9tudes sont ponctu\u00e9es [&hellip;]<\/p>\n","protected":false},"author":1,"featured_media":0,"parent":0,"menu_order":0,"comment_status":"closed","ping_status":"closed","template":"page-templates\/template-pagebuilder-full-width.php","meta":{"footnotes":""},"class_list":["post-17","page","type-page","status-publish","hentry"],"_links":{"self":[{"href":"https:\/\/cpcms.fr\/associations\/rouen\/wp-json\/wp\/v2\/pages\/17","targetHints":{"allow":["GET"]}}],"collection":[{"href":"https:\/\/cpcms.fr\/associations\/rouen\/wp-json\/wp\/v2\/pages"}],"about":[{"href":"https:\/\/cpcms.fr\/associations\/rouen\/wp-json\/wp\/v2\/types\/page"}],"author":[{"embeddable":true,"href":"https:\/\/cpcms.fr\/associations\/rouen\/wp-json\/wp\/v2\/users\/1"}],"replies":[{"embeddable":true,"href":"https:\/\/cpcms.fr\/associations\/rouen\/wp-json\/wp\/v2\/comments?post=17"}],"version-history":[{"count":25,"href":"https:\/\/cpcms.fr\/associations\/rouen\/wp-json\/wp\/v2\/pages\/17\/revisions"}],"predecessor-version":[{"id":280,"href":"https:\/\/cpcms.fr\/associations\/rouen\/wp-json\/wp\/v2\/pages\/17\/revisions\/280"}],"wp:attachment":[{"href":"https:\/\/cpcms.fr\/associations\/rouen\/wp-json\/wp\/v2\/media?parent=17"}],"curies":[{"name":"wp","href":"https:\/\/api.w.org\/{rel}","templated":true}]}}